{"id":35977,"date":"2015-07-02T11:27:34","date_gmt":"2015-07-02T04:27:34","guid":{"rendered":"http:\/\/www.saigonstereo.com\/home\/?post_type=product&#038;p=35977"},"modified":"2016-07-01T15:10:18","modified_gmt":"2016-07-01T08:10:18","slug":"loa-acapella-triolon-excalibur-mk5","status":"publish","type":"product","link":"https:\/\/www.saigonstereo.com\/home\/san-pham\/loa-acapella-triolon-excalibur-mk5\/","title":{"rendered":"Loa Acapella Triolon Excalibur &#8211; MK5"},"content":{"rendered":"<p>Th\u00f4ng s\u1ed1 k\u1ef9 thu\u1eadt:<\/p>\n<p>\u0110\u1ed9 nh\u1ea1y 94dB<br \/>\nC\u00f4ng su\u1ea5t danh \u0111\u1ecbnh 200W<br \/>\nC\u00f4ng su\u1ea5t ampli khuy\u1ebfn c\u00e1o 15W<br \/>\nTr\u1ecdng l\u01b0\u1ee3ng 400kg \/ 01 loa<\/p>\n","protected":false},"excerpt":{"rendered":"<p>Loa Acapella Triolon Excalibur MK5\u00a0l\u00e0 m\u1ed9t trong nh\u1eefng \u01b0u \u0111i\u1ec3m \u0111\u1eb7c tr\u01b0ng c\u1ee7a loa Triolon Excalibur l\u00e0 d\u1ea3i \u0111\u1ed9ng c\u1ef1c r\u1ed9ng. Kh\u00f4ng m\u1ea5y khi ch\u1ec9 v\u1edbi ampli c\u00f4ng su\u1ea5t 15W\/k\u00eanh m\u00e0 b\u1ea1n l\u1ea1i \u0111\u01b0\u1ee3c th\u01b0\u1edfng th\u1ee9c ch\u1ea5t l\u01b0\u1ee3ng \u00e2m nh\u1ea1c \u0111\u1eb7c bi\u1ec7t cao. 4 loa bass \u0111\u01b0\u1ee3c t\u1ed1i \u01b0u h\u00f3a \u0111\u1ed9 \u0111\u1ed9ng trong m\u1ed7i th\u00f9ng loa c\u1ed9t \u0111\u1ee9ng ph\u1ed1i h\u1ee3p v\u1edbi trung k\u00e8n v\u00e0 treble k\u00e8n. \u0110\u00f4i loa n\u00e0y c\u00f3 th\u1ec3 ho\u1ea1t \u0111\u1ed9ng hi\u1ec7u qu\u1ea3 ngay c\u1ea3 trong c\u0103n ph\u00f2ng c\u00f3 di\u1ec7n t\u00edch kho\u1ea3ng 25m2.<\/p>\n","protected":false},"featured_media":35983,"comment_status":"open","ping_status":"closed","template":"","meta":{"jetpack_post_was_ever_published":false,"jetpack_publicize_message":"","jetpack_is_tweetstorm":false,"jetpack_publicize_feature_enabled":true,"jetpack_social_post_already_shared":true,"jetpack_social_options":[]},"product_cat":[676],"product_tag":[677],"class_list":["post-35977","product","type-product","status-publish","has-post-thumbnail","hentry","product_cat-acapella","product_tag-acapella","description-off"],"jetpack_publicize_connections":[],"yoast_head":"<!-- This site is optimized with the Yoast SEO plugin v20.4 - https:\/\/yoast.com\/wordpress\/plugins\/seo\/ -->\n<title>Loa Acapella Triolon Excalibur - MK5 - SaigonStereo<\/title>\n<meta name=\"robots\" content=\"index, follow, max-snippet:-1, max-image-preview:large, max-video-preview:-1\" \/>\n<link rel=\"canonical\" href=\"https:\/\/www.saigonstereo.com\/home\/san-pham\/loa-acapella-triolon-excalibur-mk5\/\" \/>\n<meta property=\"og:locale\" content=\"vi_VN\" \/>\n<meta property=\"og:type\" content=\"article\" \/>\n<meta property=\"og:title\" content=\"Loa Acapella Triolon Excalibur - MK5 - SaigonStereo\" \/>\n<meta property=\"og:description\" content=\"Loa Acapella Triolon Excalibur MK5\u00a0l\u00e0 m\u1ed9t trong nh\u1eefng \u01b0u \u0111i\u1ec3m \u0111\u1eb7c tr\u01b0ng c\u1ee7a loa Triolon Excalibur l\u00e0 d\u1ea3i \u0111\u1ed9ng c\u1ef1c r\u1ed9ng. Kh\u00f4ng m\u1ea5y khi ch\u1ec9 v\u1edbi ampli c\u00f4ng su\u1ea5t 15W\/k\u00eanh m\u00e0 b\u1ea1n l\u1ea1i \u0111\u01b0\u1ee3c th\u01b0\u1edfng th\u1ee9c ch\u1ea5t l\u01b0\u1ee3ng \u00e2m nh\u1ea1c \u0111\u1eb7c bi\u1ec7t cao. 4 loa bass \u0111\u01b0\u1ee3c t\u1ed1i \u01b0u h\u00f3a \u0111\u1ed9 \u0111\u1ed9ng trong m\u1ed7i th\u00f9ng loa c\u1ed9t \u0111\u1ee9ng ph\u1ed1i h\u1ee3p v\u1edbi trung k\u00e8n v\u00e0 treble k\u00e8n. \u0110\u00f4i loa n\u00e0y c\u00f3 th\u1ec3 ho\u1ea1t \u0111\u1ed9ng hi\u1ec7u qu\u1ea3 ngay c\u1ea3 trong c\u0103n ph\u00f2ng c\u00f3 di\u1ec7n t\u00edch kho\u1ea3ng 25m2.\" \/>\n<meta property=\"og:url\" content=\"https:\/\/www.saigonstereo.com\/home\/san-pham\/loa-acapella-triolon-excalibur-mk5\/\" \/>\n<meta property=\"og:site_name\" content=\"SaigonStereo\" \/>\n<meta property=\"article:modified_time\" content=\"2016-07-01T08:10:18+00:00\" \/>\n<meta property=\"og:image\" content=\"https:\/\/www.saigonstereo.com\/home\/wp-content\/uploads\/2015\/07\/TriolonExcalibur.jpg\" \/>\n\t<meta property=\"og:image:width\" content=\"640\" \/>\n\t<meta property=\"og:image:height\" content=\"640\" \/>\n\t<meta property=\"og:image:type\" content=\"image\/jpeg\" \/>\n<meta name=\"twitter:card\" content=\"summary_large_image\" \/>\n<script type=\"application\/ld+json\" class=\"yoast-schema-graph\">{\"@context\":\"https:\/\/schema.org\",\"@graph\":[{\"@type\":\"WebPage\",\"@id\":\"https:\/\/www.saigonstereo.com\/home\/san-pham\/loa-acapella-triolon-excalibur-mk5\/\",\"url\":\"https:\/\/www.saigonstereo.com\/home\/san-pham\/loa-acapella-triolon-excalibur-mk5\/\",\"name\":\"Loa Acapella Triolon Excalibur - MK5 - SaigonStereo\",\"isPartOf\":{\"@id\":\"https:\/\/www.saigonstereo.com\/home\/#website\"},\"datePublished\":\"2015-07-02T04:27:34+00:00\",\"dateModified\":\"2016-07-01T08:10:18+00:00\",\"breadcrumb\":{\"@id\":\"https:\/\/www.saigonstereo.com\/home\/san-pham\/loa-acapella-triolon-excalibur-mk5\/#breadcrumb\"},\"inLanguage\":\"vi\",\"potentialAction\":[{\"@type\":\"ReadAction\",\"target\":[\"https:\/\/www.saigonstereo.com\/home\/san-pham\/loa-acapella-triolon-excalibur-mk5\/\"]}]},{\"@type\":\"BreadcrumbList\",\"@id\":\"https:\/\/www.saigonstereo.com\/home\/san-pham\/loa-acapella-triolon-excalibur-mk5\/#breadcrumb\",\"itemListElement\":[{\"@type\":\"ListItem\",\"position\":1,\"name\":\"Home\",\"item\":\"https:\/\/www.saigonstereo.com\/home\/\"},{\"@type\":\"ListItem\",\"position\":2,\"name\":\"Products\",\"item\":\"https:\/\/www.saigonstereo.com\/home\/shop\/\"},{\"@type\":\"ListItem\",\"position\":3,\"name\":\"Loa Acapella Triolon Excalibur &#8211; MK5\"}]},{\"@type\":\"WebSite\",\"@id\":\"https:\/\/www.saigonstereo.com\/home\/#website\",\"url\":\"https:\/\/www.saigonstereo.com\/home\/\",\"name\":\"SaigonStereo\",\"description\":\"Nh\u00e0 ph\u00e2n ph\u1ed1i thi\u1ebft b\u1ecb \u00e2m thanh cao c\u1ea5p\",\"potentialAction\":[{\"@type\":\"SearchAction\",\"target\":{\"@type\":\"EntryPoint\",\"urlTemplate\":\"https:\/\/www.saigonstereo.com\/home\/?s={search_term_string}\"},\"query-input\":\"required name=search_term_string\"}],\"inLanguage\":\"vi\"}]}<\/script>\n<!-- \/ Yoast SEO plugin. -->","yoast_head_json":{"title":"Loa Acapella Triolon Excalibur - MK5 - SaigonStereo","robots":{"index":"index","follow":"follow","max-snippet":"max-snippet:-1","max-image-preview":"max-image-preview:large","max-video-preview":"max-video-preview:-1"},"canonical":"https:\/\/www.saigonstereo.com\/home\/san-pham\/loa-acapella-triolon-excalibur-mk5\/","og_locale":"vi_VN","og_type":"article","og_title":"Loa Acapella Triolon Excalibur - MK5 - SaigonStereo","og_description":"Loa Acapella Triolon Excalibur MK5\u00a0l\u00e0 m\u1ed9t trong nh\u1eefng \u01b0u \u0111i\u1ec3m \u0111\u1eb7c tr\u01b0ng c\u1ee7a loa Triolon Excalibur l\u00e0 d\u1ea3i \u0111\u1ed9ng c\u1ef1c r\u1ed9ng. Kh\u00f4ng m\u1ea5y khi ch\u1ec9 v\u1edbi ampli c\u00f4ng su\u1ea5t 15W\/k\u00eanh m\u00e0 b\u1ea1n l\u1ea1i \u0111\u01b0\u1ee3c th\u01b0\u1edfng th\u1ee9c ch\u1ea5t l\u01b0\u1ee3ng \u00e2m nh\u1ea1c \u0111\u1eb7c bi\u1ec7t cao. 4 loa bass \u0111\u01b0\u1ee3c t\u1ed1i \u01b0u h\u00f3a \u0111\u1ed9 \u0111\u1ed9ng trong m\u1ed7i th\u00f9ng loa c\u1ed9t \u0111\u1ee9ng ph\u1ed1i h\u1ee3p v\u1edbi trung k\u00e8n v\u00e0 treble k\u00e8n. \u0110\u00f4i loa n\u00e0y c\u00f3 th\u1ec3 ho\u1ea1t \u0111\u1ed9ng hi\u1ec7u qu\u1ea3 ngay c\u1ea3 trong c\u0103n ph\u00f2ng c\u00f3 di\u1ec7n t\u00edch kho\u1ea3ng 25m2.","og_url":"https:\/\/www.saigonstereo.com\/home\/san-pham\/loa-acapella-triolon-excalibur-mk5\/","og_site_name":"SaigonStereo","article_modified_time":"2016-07-01T08:10:18+00:00","og_image":[{"width":640,"height":640,"url":"https:\/\/www.saigonstereo.com\/home\/wp-content\/uploads\/2015\/07\/TriolonExcalibur.jpg","type":"image\/jpeg"}],"twitter_card":"summary_large_image","schema":{"@context":"https:\/\/schema.org","@graph":[{"@type":"WebPage","@id":"https:\/\/www.saigonstereo.com\/home\/san-pham\/loa-acapella-triolon-excalibur-mk5\/","url":"https:\/\/www.saigonstereo.com\/home\/san-pham\/loa-acapella-triolon-excalibur-mk5\/","name":"Loa Acapella Triolon Excalibur - MK5 - SaigonStereo","isPartOf":{"@id":"https:\/\/www.saigonstereo.com\/home\/#website"},"datePublished":"2015-07-02T04:27:34+00:00","dateModified":"2016-07-01T08:10:18+00:00","breadcrumb":{"@id":"https:\/\/www.saigonstereo.com\/home\/san-pham\/loa-acapella-triolon-excalibur-mk5\/#breadcrumb"},"inLanguage":"vi","potentialAction":[{"@type":"ReadAction","target":["https:\/\/www.saigonstereo.com\/home\/san-pham\/loa-acapella-triolon-excalibur-mk5\/"]}]},{"@type":"BreadcrumbList","@id":"https:\/\/www.saigonstereo.com\/home\/san-pham\/loa-acapella-triolon-excalibur-mk5\/#breadcrumb","itemListElement":[{"@type":"ListItem","position":1,"name":"Home","item":"https:\/\/www.saigonstereo.com\/home\/"},{"@type":"ListItem","position":2,"name":"Products","item":"https:\/\/www.saigonstereo.com\/home\/shop\/"},{"@type":"ListItem","position":3,"name":"Loa Acapella Triolon Excalibur &#8211; MK5"}]},{"@type":"WebSite","@id":"https:\/\/www.saigonstereo.com\/home\/#website","url":"https:\/\/www.saigonstereo.com\/home\/","name":"SaigonStereo","description":"Nh\u00e0 ph\u00e2n ph\u1ed1i thi\u1ebft b\u1ecb \u00e2m thanh cao c\u1ea5p","potentialAction":[{"@type":"SearchAction","target":{"@type":"EntryPoint","urlTemplate":"https:\/\/www.saigonstereo.com\/home\/?s={search_term_string}"},"query-input":"required name=search_term_string"}],"inLanguage":"vi"}]}},"jetpack_sharing_enabled":true,"_links":{"self":[{"href":"https:\/\/www.saigonstereo.com\/home\/wp-json\/wp\/v2\/product\/35977","targetHints":{"allow":["GET"]}}],"collection":[{"href":"https:\/\/www.saigonstereo.com\/home\/wp-json\/wp\/v2\/product"}],"about":[{"href":"https:\/\/www.saigonstereo.com\/home\/wp-json\/wp\/v2\/types\/product"}],"replies":[{"embeddable":true,"href":"https:\/\/www.saigonstereo.com\/home\/wp-json\/wp\/v2\/comments?post=35977"}],"wp:featuredmedia":[{"embeddable":true,"href":"https:\/\/www.saigonstereo.com\/home\/wp-json\/wp\/v2\/media\/35983"}],"wp:attachment":[{"href":"https:\/\/www.saigonstereo.com\/home\/wp-json\/wp\/v2\/media?parent=35977"}],"wp:term":[{"taxonomy":"product_cat","embeddable":true,"href":"https:\/\/www.saigonstereo.com\/home\/wp-json\/wp\/v2\/product_cat?post=35977"},{"taxonomy":"product_tag","embeddable":true,"href":"https:\/\/www.saigonstereo.com\/home\/wp-json\/wp\/v2\/product_tag?post=35977"}],"curies":[{"name":"wp","href":"https:\/\/api.w.org\/{rel}","templated":true}]}}