{"id":36159,"date":"2015-07-02T16:05:12","date_gmt":"2015-07-02T09:05:12","guid":{"rendered":"http:\/\/www.saigonstereo.com\/home\/?post_type=product&#038;p=36159"},"modified":"2016-07-01T15:04:26","modified_gmt":"2016-07-01T08:04:26","slug":"loa-acapella-violon-mk6","status":"publish","type":"product","link":"https:\/\/www.saigonstereo.com\/home\/san-pham\/loa-acapella-violon-mk6\/","title":{"rendered":"Loa Acapella Violon &#8211; MK6"},"content":{"rendered":"<p>\u0110\u1ed9 nh\u1ea1y 91dB<br \/>\nC\u00f4ng su\u1ea5t danh \u0111\u1ecbnh 100W<br \/>\nC\u00f4ng su\u1ea5t ampli khuy\u1ebfn c\u00e1o l\u1edbn h\u01a1n 25W<br \/>\nTr\u1ecdng l\u01b0\u1ee3ng 110kg<\/p>\n","protected":false},"excerpt":{"rendered":"<p>L\u00e0 m\u1ed9t phi\u00ean b\u1ea3n n\u00e2ng c\u1ea5p quan tr\u1ecdng c\u1ee7a model Violon. L\u00e0 h\u1ec7 th\u1ed1ng loa 3 \u0111\u01b0\u1eddng ti\u1ebfng v\u1edbi ti\u1ebfng bass s\u00e2u tr\u1ea7m, m\u1ea1nh m\u1ebd v\u00e0 ho\u00e0n to\u00e0n h\u1ee3p v\u1edbi t\u1ed1c \u0111\u1ed9 c\u1ee7a ti\u1ebfng trung v\u00e0 treble. Loa treble ion trong Violon gi\u1ed1ng h\u1ec7t nh\u01b0 trong c\u00e1c model cao c\u1ea5p nh\u1ea5t, n\u00f3 c\u00f3 th\u1ec3 x\u1eed l\u00fd t\u1ea7n s\u1ed1 cao l\u00ean t\u1edbi 50kHz. D\u1ea3i t\u1ea7n \u0111\u1eb7c bi\u1ec7t r\u1ed9ng n\u00e0y cho ph\u00e9p \u00e2m thanh c\u00f3 th\u1ec3 \u0111\u01b0\u1ee3c t\u00e1i hi\u1ec7n to\u00e0n v\u1eb9n v\u1edbi \u0111\u1ed9 ch\u00ednh x\u00e1c cao. H\u01a1n n\u1eefa, v\u1edbi k\u00edch th\u01b0\u1edbc v\u1eeba ph\u1ea3i, \u0111\u00f4i loa Violon MK6 ho\u1ea1t \u0111\u1ed9ng hi\u1ec7u qu\u1ea3 \u1edf m\u1ecdi lo\u1ea1i ph\u00f2ng nghe kh\u00e1c nhau.<\/p>\n","protected":false},"featured_media":36164,"comment_status":"open","ping_status":"closed","template":"","meta":{"jetpack_post_was_ever_published":false,"jetpack_publicize_message":"","jetpack_is_tweetstorm":false,"jetpack_publicize_feature_enabled":true,"jetpack_social_post_already_shared":true,"jetpack_social_options":[]},"product_cat":[676],"product_tag":[677],"class_list":["post-36159","product","type-product","status-publish","has-post-thumbnail","hentry","product_cat-acapella","product_tag-acapella","description-off"],"jetpack_publicize_connections":[],"yoast_head":"<!-- This site is optimized with the Yoast SEO plugin v20.4 - https:\/\/yoast.com\/wordpress\/plugins\/seo\/ -->\n<title>Loa Acapella Violon - MK6 - SaigonStereo<\/title>\n<meta name=\"robots\" content=\"index, follow, max-snippet:-1, max-image-preview:large, max-video-preview:-1\" \/>\n<link rel=\"canonical\" href=\"https:\/\/www.saigonstereo.com\/home\/san-pham\/loa-acapella-violon-mk6\/\" \/>\n<meta property=\"og:locale\" content=\"vi_VN\" \/>\n<meta property=\"og:type\" content=\"article\" \/>\n<meta property=\"og:title\" content=\"Loa Acapella Violon - MK6 - SaigonStereo\" \/>\n<meta property=\"og:description\" content=\"L\u00e0 m\u1ed9t phi\u00ean b\u1ea3n n\u00e2ng c\u1ea5p quan tr\u1ecdng c\u1ee7a model Violon. L\u00e0 h\u1ec7 th\u1ed1ng loa 3 \u0111\u01b0\u1eddng ti\u1ebfng v\u1edbi ti\u1ebfng bass s\u00e2u tr\u1ea7m, m\u1ea1nh m\u1ebd v\u00e0 ho\u00e0n to\u00e0n h\u1ee3p v\u1edbi t\u1ed1c \u0111\u1ed9 c\u1ee7a ti\u1ebfng trung v\u00e0 treble. Loa treble ion trong Violon gi\u1ed1ng h\u1ec7t nh\u01b0 trong c\u00e1c model cao c\u1ea5p nh\u1ea5t, n\u00f3 c\u00f3 th\u1ec3 x\u1eed l\u00fd t\u1ea7n s\u1ed1 cao l\u00ean t\u1edbi 50kHz. D\u1ea3i t\u1ea7n \u0111\u1eb7c bi\u1ec7t r\u1ed9ng n\u00e0y cho ph\u00e9p \u00e2m thanh c\u00f3 th\u1ec3 \u0111\u01b0\u1ee3c t\u00e1i hi\u1ec7n to\u00e0n v\u1eb9n v\u1edbi \u0111\u1ed9 ch\u00ednh x\u00e1c cao. H\u01a1n n\u1eefa, v\u1edbi k\u00edch th\u01b0\u1edbc v\u1eeba ph\u1ea3i, \u0111\u00f4i loa Violon MK6 ho\u1ea1t \u0111\u1ed9ng hi\u1ec7u qu\u1ea3 \u1edf m\u1ecdi lo\u1ea1i ph\u00f2ng nghe kh\u00e1c nhau.\" \/>\n<meta property=\"og:url\" content=\"https:\/\/www.saigonstereo.com\/home\/san-pham\/loa-acapella-violon-mk6\/\" \/>\n<meta property=\"og:site_name\" content=\"SaigonStereo\" \/>\n<meta property=\"article:modified_time\" content=\"2016-07-01T08:04:26+00:00\" \/>\n<meta property=\"og:image\" content=\"https:\/\/www.saigonstereo.com\/home\/wp-content\/uploads\/2015\/07\/Violon11.jpg\" \/>\n\t<meta property=\"og:image:width\" content=\"640\" \/>\n\t<meta property=\"og:image:height\" content=\"640\" \/>\n\t<meta property=\"og:image:type\" content=\"image\/jpeg\" \/>\n<meta name=\"twitter:card\" content=\"summary_large_image\" \/>\n<script type=\"application\/ld+json\" class=\"yoast-schema-graph\">{\"@context\":\"https:\/\/schema.org\",\"@graph\":[{\"@type\":\"WebPage\",\"@id\":\"https:\/\/www.saigonstereo.com\/home\/san-pham\/loa-acapella-violon-mk6\/\",\"url\":\"https:\/\/www.saigonstereo.com\/home\/san-pham\/loa-acapella-violon-mk6\/\",\"name\":\"Loa Acapella Violon - MK6 - SaigonStereo\",\"isPartOf\":{\"@id\":\"https:\/\/www.saigonstereo.com\/home\/#website\"},\"datePublished\":\"2015-07-02T09:05:12+00:00\",\"dateModified\":\"2016-07-01T08:04:26+00:00\",\"breadcrumb\":{\"@id\":\"https:\/\/www.saigonstereo.com\/home\/san-pham\/loa-acapella-violon-mk6\/#breadcrumb\"},\"inLanguage\":\"vi\",\"potentialAction\":[{\"@type\":\"ReadAction\",\"target\":[\"https:\/\/www.saigonstereo.com\/home\/san-pham\/loa-acapella-violon-mk6\/\"]}]},{\"@type\":\"BreadcrumbList\",\"@id\":\"https:\/\/www.saigonstereo.com\/home\/san-pham\/loa-acapella-violon-mk6\/#breadcrumb\",\"itemListElement\":[{\"@type\":\"ListItem\",\"position\":1,\"name\":\"Home\",\"item\":\"https:\/\/www.saigonstereo.com\/home\/\"},{\"@type\":\"ListItem\",\"position\":2,\"name\":\"Products\",\"item\":\"https:\/\/www.saigonstereo.com\/home\/shop\/\"},{\"@type\":\"ListItem\",\"position\":3,\"name\":\"Loa Acapella Violon &#8211; MK6\"}]},{\"@type\":\"WebSite\",\"@id\":\"https:\/\/www.saigonstereo.com\/home\/#website\",\"url\":\"https:\/\/www.saigonstereo.com\/home\/\",\"name\":\"SaigonStereo\",\"description\":\"Nh\u00e0 ph\u00e2n ph\u1ed1i thi\u1ebft b\u1ecb \u00e2m thanh cao c\u1ea5p\",\"potentialAction\":[{\"@type\":\"SearchAction\",\"target\":{\"@type\":\"EntryPoint\",\"urlTemplate\":\"https:\/\/www.saigonstereo.com\/home\/?s={search_term_string}\"},\"query-input\":\"required name=search_term_string\"}],\"inLanguage\":\"vi\"}]}<\/script>\n<!-- \/ Yoast SEO plugin. -->","yoast_head_json":{"title":"Loa Acapella Violon - MK6 - SaigonStereo","robots":{"index":"index","follow":"follow","max-snippet":"max-snippet:-1","max-image-preview":"max-image-preview:large","max-video-preview":"max-video-preview:-1"},"canonical":"https:\/\/www.saigonstereo.com\/home\/san-pham\/loa-acapella-violon-mk6\/","og_locale":"vi_VN","og_type":"article","og_title":"Loa Acapella Violon - MK6 - SaigonStereo","og_description":"L\u00e0 m\u1ed9t phi\u00ean b\u1ea3n n\u00e2ng c\u1ea5p quan tr\u1ecdng c\u1ee7a model Violon. L\u00e0 h\u1ec7 th\u1ed1ng loa 3 \u0111\u01b0\u1eddng ti\u1ebfng v\u1edbi ti\u1ebfng bass s\u00e2u tr\u1ea7m, m\u1ea1nh m\u1ebd v\u00e0 ho\u00e0n to\u00e0n h\u1ee3p v\u1edbi t\u1ed1c \u0111\u1ed9 c\u1ee7a ti\u1ebfng trung v\u00e0 treble. Loa treble ion trong Violon gi\u1ed1ng h\u1ec7t nh\u01b0 trong c\u00e1c model cao c\u1ea5p nh\u1ea5t, n\u00f3 c\u00f3 th\u1ec3 x\u1eed l\u00fd t\u1ea7n s\u1ed1 cao l\u00ean t\u1edbi 50kHz. D\u1ea3i t\u1ea7n \u0111\u1eb7c bi\u1ec7t r\u1ed9ng n\u00e0y cho ph\u00e9p \u00e2m thanh c\u00f3 th\u1ec3 \u0111\u01b0\u1ee3c t\u00e1i hi\u1ec7n to\u00e0n v\u1eb9n v\u1edbi \u0111\u1ed9 ch\u00ednh x\u00e1c cao. H\u01a1n n\u1eefa, v\u1edbi k\u00edch th\u01b0\u1edbc v\u1eeba ph\u1ea3i, \u0111\u00f4i loa Violon MK6 ho\u1ea1t \u0111\u1ed9ng hi\u1ec7u qu\u1ea3 \u1edf m\u1ecdi lo\u1ea1i ph\u00f2ng nghe kh\u00e1c nhau.","og_url":"https:\/\/www.saigonstereo.com\/home\/san-pham\/loa-acapella-violon-mk6\/","og_site_name":"SaigonStereo","article_modified_time":"2016-07-01T08:04:26+00:00","og_image":[{"width":640,"height":640,"url":"https:\/\/www.saigonstereo.com\/home\/wp-content\/uploads\/2015\/07\/Violon11.jpg","type":"image\/jpeg"}],"twitter_card":"summary_large_image","schema":{"@context":"https:\/\/schema.org","@graph":[{"@type":"WebPage","@id":"https:\/\/www.saigonstereo.com\/home\/san-pham\/loa-acapella-violon-mk6\/","url":"https:\/\/www.saigonstereo.com\/home\/san-pham\/loa-acapella-violon-mk6\/","name":"Loa Acapella Violon - MK6 - SaigonStereo","isPartOf":{"@id":"https:\/\/www.saigonstereo.com\/home\/#website"},"datePublished":"2015-07-02T09:05:12+00:00","dateModified":"2016-07-01T08:04:26+00:00","breadcrumb":{"@id":"https:\/\/www.saigonstereo.com\/home\/san-pham\/loa-acapella-violon-mk6\/#breadcrumb"},"inLanguage":"vi","potentialAction":[{"@type":"ReadAction","target":["https:\/\/www.saigonstereo.com\/home\/san-pham\/loa-acapella-violon-mk6\/"]}]},{"@type":"BreadcrumbList","@id":"https:\/\/www.saigonstereo.com\/home\/san-pham\/loa-acapella-violon-mk6\/#breadcrumb","itemListElement":[{"@type":"ListItem","position":1,"name":"Home","item":"https:\/\/www.saigonstereo.com\/home\/"},{"@type":"ListItem","position":2,"name":"Products","item":"https:\/\/www.saigonstereo.com\/home\/shop\/"},{"@type":"ListItem","position":3,"name":"Loa Acapella Violon &#8211; MK6"}]},{"@type":"WebSite","@id":"https:\/\/www.saigonstereo.com\/home\/#website","url":"https:\/\/www.saigonstereo.com\/home\/","name":"SaigonStereo","description":"Nh\u00e0 ph\u00e2n ph\u1ed1i thi\u1ebft b\u1ecb \u00e2m thanh cao c\u1ea5p","potentialAction":[{"@type":"SearchAction","target":{"@type":"EntryPoint","urlTemplate":"https:\/\/www.saigonstereo.com\/home\/?s={search_term_string}"},"query-input":"required name=search_term_string"}],"inLanguage":"vi"}]}},"jetpack_sharing_enabled":true,"_links":{"self":[{"href":"https:\/\/www.saigonstereo.com\/home\/wp-json\/wp\/v2\/product\/36159","targetHints":{"allow":["GET"]}}],"collection":[{"href":"https:\/\/www.saigonstereo.com\/home\/wp-json\/wp\/v2\/product"}],"about":[{"href":"https:\/\/www.saigonstereo.com\/home\/wp-json\/wp\/v2\/types\/product"}],"replies":[{"embeddable":true,"href":"https:\/\/www.saigonstereo.com\/home\/wp-json\/wp\/v2\/comments?post=36159"}],"wp:featuredmedia":[{"embeddable":true,"href":"https:\/\/www.saigonstereo.com\/home\/wp-json\/wp\/v2\/media\/36164"}],"wp:attachment":[{"href":"https:\/\/www.saigonstereo.com\/home\/wp-json\/wp\/v2\/media?parent=36159"}],"wp:term":[{"taxonomy":"product_cat","embeddable":true,"href":"https:\/\/www.saigonstereo.com\/home\/wp-json\/wp\/v2\/product_cat?post=36159"},{"taxonomy":"product_tag","embeddable":true,"href":"https:\/\/www.saigonstereo.com\/home\/wp-json\/wp\/v2\/product_tag?post=36159"}],"curies":[{"name":"wp","href":"https:\/\/api.w.org\/{rel}","templated":true}]}}