{"id":36239,"date":"2015-07-03T11:07:59","date_gmt":"2015-07-03T04:07:59","guid":{"rendered":"http:\/\/www.saigonstereo.com\/home\/?post_type=product&#038;p=36239"},"modified":"2016-07-01T15:00:04","modified_gmt":"2016-07-01T08:00:04","slug":"loa-treble-acapella-ion-tw-1s","status":"publish","type":"product","link":"https:\/\/www.saigonstereo.com\/home\/san-pham\/loa-treble-acapella-ion-tw-1s\/","title":{"rendered":"Loa treble Acapella ION TW 1S"},"content":{"rendered":"","protected":false},"excerpt":{"rendered":"<p>Loa treble Acapella ION TW 1S\u00a0\u0111\u01b0\u1ee3c x\u00e2y d\u1ef1ng tr\u00ean c\u01a1 s\u1edf l\u00fd thuy\u1ebft v\u1ec1 s\u1ef1 ph\u00f3ng \u0111i\u1ec7n plasma trong kh\u00f4ng kh\u00ed d\u01b0\u1edbi t\u00e1c \u0111\u1ed9ng c\u1ee7a d\u00f2ng \u0111i\u1ec7n xoay chi\u1ec1u c\u00f3 \u0111i\u1ec7n \u00e1p v\u00e0 t\u1ea7n s\u1ed1 r\u1ea5t cao. N\u00f3i \u0111\u01a1n gi\u1ea3n, loa treble ion-plasma l\u00e0 thi\u1ebft k\u1ebf loa t\u00e1i t\u1ea1o \u00e2m thanh ch\u00ednh x\u00e1c nh\u1ea5t, tinh vi nh\u1ea5t v\u00e0 nhanh nh\u1ea5t so v\u1edbi c\u00e1c lo\u1ea1i loa hi\u1ec7n c\u00f3 tr\u00ean th\u1ebf gi\u1edbi.<\/p>\n<p>Kh\u00f4ng ch\u1ec9 c\u00f3 nguy\u00ean l\u00fd ho\u1ea1t \u0111\u1ed9ng \u0111\u1ed9c \u0111\u00e1o, loa treble TW-1S c\u1ee7a c\u00f2n c\u00f3 thi\u1ebft k\u1ebf v\u1ebb ngo\u00e0i tuy\u1ec7t m\u1ef9, h\u1ecdng k\u00e8n m\u1ea1 v\u00e0ng s\u00e1ng lo\u00e1ng, kh\u00f4ng ch\u1ec9 c\u00f3 t\u00e1c d\u1ee5ng l\u00e0m \u0111\u1eb9p m\u00e0 c\u00f2n c\u00f3 t\u00e1c d\u1ee5ng ch\u1ed1ng oxy h\u00f3a trong \u0111i\u1ec1u ki\u1ec7n ho\u1ea1t \u0111\u1ed9ng \u1edf nhi\u1ec7t \u0111\u1ed9 cao c\u1ee7a tia ion-plasma.<\/p>\n","protected":false},"featured_media":36240,"comment_status":"open","ping_status":"closed","template":"","meta":{"jetpack_post_was_ever_published":false,"jetpack_publicize_message":"","jetpack_is_tweetstorm":false,"jetpack_publicize_feature_enabled":true,"jetpack_social_post_already_shared":true,"jetpack_social_options":[]},"product_cat":[676],"product_tag":[677],"class_list":["post-36239","product","type-product","status-publish","has-post-thumbnail","hentry","product_cat-acapella","product_tag-acapella","pa_dai-tan-dap-ung-5-50000-hz","pa_do-nhay-15volt-0-db","pa_kich-thuoc-150-x-300-x-260-mm","pa_tro-khang-ngo-vao-600-ohm","pa_trong-luong-15-kg","description-off"],"jetpack_publicize_connections":[],"yoast_head":"<!-- This site is optimized with the Yoast SEO plugin v20.4 - https:\/\/yoast.com\/wordpress\/plugins\/seo\/ -->\n<title>Loa treble Acapella ION TW 1S - SaigonStereo<\/title>\n<meta name=\"robots\" content=\"index, follow, max-snippet:-1, max-image-preview:large, max-video-preview:-1\" \/>\n<link rel=\"canonical\" href=\"https:\/\/www.saigonstereo.com\/home\/san-pham\/loa-treble-acapella-ion-tw-1s\/\" \/>\n<meta property=\"og:locale\" content=\"vi_VN\" \/>\n<meta property=\"og:type\" content=\"article\" \/>\n<meta property=\"og:title\" content=\"Loa treble Acapella ION TW 1S - SaigonStereo\" \/>\n<meta property=\"og:description\" content=\"Loa treble Acapella ION TW 1S\u00a0\u0111\u01b0\u1ee3c x\u00e2y d\u1ef1ng tr\u00ean c\u01a1 s\u1edf l\u00fd thuy\u1ebft v\u1ec1 s\u1ef1 ph\u00f3ng \u0111i\u1ec7n plasma trong kh\u00f4ng kh\u00ed d\u01b0\u1edbi t\u00e1c \u0111\u1ed9ng c\u1ee7a d\u00f2ng \u0111i\u1ec7n xoay chi\u1ec1u c\u00f3 \u0111i\u1ec7n \u00e1p v\u00e0 t\u1ea7n s\u1ed1 r\u1ea5t cao. N\u00f3i \u0111\u01a1n gi\u1ea3n, loa treble ion-plasma l\u00e0 thi\u1ebft k\u1ebf loa t\u00e1i t\u1ea1o \u00e2m thanh ch\u00ednh x\u00e1c nh\u1ea5t, tinh vi nh\u1ea5t v\u00e0 nhanh nh\u1ea5t so v\u1edbi c\u00e1c lo\u1ea1i loa hi\u1ec7n c\u00f3 tr\u00ean th\u1ebf gi\u1edbi.  Kh\u00f4ng ch\u1ec9 c\u00f3 nguy\u00ean l\u00fd ho\u1ea1t \u0111\u1ed9ng \u0111\u1ed9c \u0111\u00e1o, loa treble TW-1S c\u1ee7a c\u00f2n c\u00f3 thi\u1ebft k\u1ebf v\u1ebb ngo\u00e0i tuy\u1ec7t m\u1ef9, h\u1ecdng k\u00e8n m\u1ea1 v\u00e0ng s\u00e1ng lo\u00e1ng, kh\u00f4ng ch\u1ec9 c\u00f3 t\u00e1c d\u1ee5ng l\u00e0m \u0111\u1eb9p m\u00e0 c\u00f2n c\u00f3 t\u00e1c d\u1ee5ng ch\u1ed1ng oxy h\u00f3a trong \u0111i\u1ec1u ki\u1ec7n ho\u1ea1t \u0111\u1ed9ng \u1edf nhi\u1ec7t \u0111\u1ed9 cao c\u1ee7a tia ion-plasma.\" \/>\n<meta property=\"og:url\" content=\"https:\/\/www.saigonstereo.com\/home\/san-pham\/loa-treble-acapella-ion-tw-1s\/\" \/>\n<meta property=\"og:site_name\" content=\"SaigonStereo\" \/>\n<meta property=\"article:modified_time\" content=\"2016-07-01T08:00:04+00:00\" \/>\n<meta property=\"og:image\" content=\"https:\/\/www.saigonstereo.com\/home\/wp-content\/uploads\/2015\/07\/IonTweeter.jpg\" \/>\n\t<meta property=\"og:image:width\" content=\"640\" \/>\n\t<meta property=\"og:image:height\" content=\"640\" \/>\n\t<meta property=\"og:image:type\" content=\"image\/jpeg\" \/>\n<meta name=\"twitter:card\" content=\"summary_large_image\" \/>\n<script type=\"application\/ld+json\" class=\"yoast-schema-graph\">{\"@context\":\"https:\/\/schema.org\",\"@graph\":[{\"@type\":\"WebPage\",\"@id\":\"https:\/\/www.saigonstereo.com\/home\/san-pham\/loa-treble-acapella-ion-tw-1s\/\",\"url\":\"https:\/\/www.saigonstereo.com\/home\/san-pham\/loa-treble-acapella-ion-tw-1s\/\",\"name\":\"Loa treble Acapella ION TW 1S - SaigonStereo\",\"isPartOf\":{\"@id\":\"https:\/\/www.saigonstereo.com\/home\/#website\"},\"datePublished\":\"2015-07-03T04:07:59+00:00\",\"dateModified\":\"2016-07-01T08:00:04+00:00\",\"breadcrumb\":{\"@id\":\"https:\/\/www.saigonstereo.com\/home\/san-pham\/loa-treble-acapella-ion-tw-1s\/#breadcrumb\"},\"inLanguage\":\"vi\",\"potentialAction\":[{\"@type\":\"ReadAction\",\"target\":[\"https:\/\/www.saigonstereo.com\/home\/san-pham\/loa-treble-acapella-ion-tw-1s\/\"]}]},{\"@type\":\"BreadcrumbList\",\"@id\":\"https:\/\/www.saigonstereo.com\/home\/san-pham\/loa-treble-acapella-ion-tw-1s\/#breadcrumb\",\"itemListElement\":[{\"@type\":\"ListItem\",\"position\":1,\"name\":\"Home\",\"item\":\"https:\/\/www.saigonstereo.com\/home\/\"},{\"@type\":\"ListItem\",\"position\":2,\"name\":\"Products\",\"item\":\"https:\/\/www.saigonstereo.com\/home\/shop\/\"},{\"@type\":\"ListItem\",\"position\":3,\"name\":\"Loa treble Acapella ION TW 1S\"}]},{\"@type\":\"WebSite\",\"@id\":\"https:\/\/www.saigonstereo.com\/home\/#website\",\"url\":\"https:\/\/www.saigonstereo.com\/home\/\",\"name\":\"SaigonStereo\",\"description\":\"Nh\u00e0 ph\u00e2n ph\u1ed1i thi\u1ebft b\u1ecb \u00e2m thanh cao c\u1ea5p\",\"potentialAction\":[{\"@type\":\"SearchAction\",\"target\":{\"@type\":\"EntryPoint\",\"urlTemplate\":\"https:\/\/www.saigonstereo.com\/home\/?s={search_term_string}\"},\"query-input\":\"required name=search_term_string\"}],\"inLanguage\":\"vi\"}]}<\/script>\n<!-- \/ Yoast SEO plugin. -->","yoast_head_json":{"title":"Loa treble Acapella ION TW 1S - SaigonStereo","robots":{"index":"index","follow":"follow","max-snippet":"max-snippet:-1","max-image-preview":"max-image-preview:large","max-video-preview":"max-video-preview:-1"},"canonical":"https:\/\/www.saigonstereo.com\/home\/san-pham\/loa-treble-acapella-ion-tw-1s\/","og_locale":"vi_VN","og_type":"article","og_title":"Loa treble Acapella ION TW 1S - SaigonStereo","og_description":"Loa treble Acapella ION TW 1S\u00a0\u0111\u01b0\u1ee3c x\u00e2y d\u1ef1ng tr\u00ean c\u01a1 s\u1edf l\u00fd thuy\u1ebft v\u1ec1 s\u1ef1 ph\u00f3ng \u0111i\u1ec7n plasma trong kh\u00f4ng kh\u00ed d\u01b0\u1edbi t\u00e1c \u0111\u1ed9ng c\u1ee7a d\u00f2ng \u0111i\u1ec7n xoay chi\u1ec1u c\u00f3 \u0111i\u1ec7n \u00e1p v\u00e0 t\u1ea7n s\u1ed1 r\u1ea5t cao. N\u00f3i \u0111\u01a1n gi\u1ea3n, loa treble ion-plasma l\u00e0 thi\u1ebft k\u1ebf loa t\u00e1i t\u1ea1o \u00e2m thanh ch\u00ednh x\u00e1c nh\u1ea5t, tinh vi nh\u1ea5t v\u00e0 nhanh nh\u1ea5t so v\u1edbi c\u00e1c lo\u1ea1i loa hi\u1ec7n c\u00f3 tr\u00ean th\u1ebf gi\u1edbi.  Kh\u00f4ng ch\u1ec9 c\u00f3 nguy\u00ean l\u00fd ho\u1ea1t \u0111\u1ed9ng \u0111\u1ed9c \u0111\u00e1o, loa treble TW-1S c\u1ee7a c\u00f2n c\u00f3 thi\u1ebft k\u1ebf v\u1ebb ngo\u00e0i tuy\u1ec7t m\u1ef9, h\u1ecdng k\u00e8n m\u1ea1 v\u00e0ng s\u00e1ng lo\u00e1ng, kh\u00f4ng ch\u1ec9 c\u00f3 t\u00e1c d\u1ee5ng l\u00e0m \u0111\u1eb9p m\u00e0 c\u00f2n c\u00f3 t\u00e1c d\u1ee5ng ch\u1ed1ng oxy h\u00f3a trong \u0111i\u1ec1u ki\u1ec7n ho\u1ea1t \u0111\u1ed9ng \u1edf nhi\u1ec7t \u0111\u1ed9 cao c\u1ee7a tia ion-plasma.","og_url":"https:\/\/www.saigonstereo.com\/home\/san-pham\/loa-treble-acapella-ion-tw-1s\/","og_site_name":"SaigonStereo","article_modified_time":"2016-07-01T08:00:04+00:00","og_image":[{"width":640,"height":640,"url":"https:\/\/www.saigonstereo.com\/home\/wp-content\/uploads\/2015\/07\/IonTweeter.jpg","type":"image\/jpeg"}],"twitter_card":"summary_large_image","schema":{"@context":"https:\/\/schema.org","@graph":[{"@type":"WebPage","@id":"https:\/\/www.saigonstereo.com\/home\/san-pham\/loa-treble-acapella-ion-tw-1s\/","url":"https:\/\/www.saigonstereo.com\/home\/san-pham\/loa-treble-acapella-ion-tw-1s\/","name":"Loa treble Acapella ION TW 1S - SaigonStereo","isPartOf":{"@id":"https:\/\/www.saigonstereo.com\/home\/#website"},"datePublished":"2015-07-03T04:07:59+00:00","dateModified":"2016-07-01T08:00:04+00:00","breadcrumb":{"@id":"https:\/\/www.saigonstereo.com\/home\/san-pham\/loa-treble-acapella-ion-tw-1s\/#breadcrumb"},"inLanguage":"vi","potentialAction":[{"@type":"ReadAction","target":["https:\/\/www.saigonstereo.com\/home\/san-pham\/loa-treble-acapella-ion-tw-1s\/"]}]},{"@type":"BreadcrumbList","@id":"https:\/\/www.saigonstereo.com\/home\/san-pham\/loa-treble-acapella-ion-tw-1s\/#breadcrumb","itemListElement":[{"@type":"ListItem","position":1,"name":"Home","item":"https:\/\/www.saigonstereo.com\/home\/"},{"@type":"ListItem","position":2,"name":"Products","item":"https:\/\/www.saigonstereo.com\/home\/shop\/"},{"@type":"ListItem","position":3,"name":"Loa treble Acapella ION TW 1S"}]},{"@type":"WebSite","@id":"https:\/\/www.saigonstereo.com\/home\/#website","url":"https:\/\/www.saigonstereo.com\/home\/","name":"SaigonStereo","description":"Nh\u00e0 ph\u00e2n ph\u1ed1i thi\u1ebft b\u1ecb \u00e2m thanh cao c\u1ea5p","potentialAction":[{"@type":"SearchAction","target":{"@type":"EntryPoint","urlTemplate":"https:\/\/www.saigonstereo.com\/home\/?s={search_term_string}"},"query-input":"required name=search_term_string"}],"inLanguage":"vi"}]}},"jetpack_sharing_enabled":true,"_links":{"self":[{"href":"https:\/\/www.saigonstereo.com\/home\/wp-json\/wp\/v2\/product\/36239","targetHints":{"allow":["GET"]}}],"collection":[{"href":"https:\/\/www.saigonstereo.com\/home\/wp-json\/wp\/v2\/product"}],"about":[{"href":"https:\/\/www.saigonstereo.com\/home\/wp-json\/wp\/v2\/types\/product"}],"replies":[{"embeddable":true,"href":"https:\/\/www.saigonstereo.com\/home\/wp-json\/wp\/v2\/comments?post=36239"}],"wp:featuredmedia":[{"embeddable":true,"href":"https:\/\/www.saigonstereo.com\/home\/wp-json\/wp\/v2\/media\/36240"}],"wp:attachment":[{"href":"https:\/\/www.saigonstereo.com\/home\/wp-json\/wp\/v2\/media?parent=36239"}],"wp:term":[{"taxonomy":"product_cat","embeddable":true,"href":"https:\/\/www.saigonstereo.com\/home\/wp-json\/wp\/v2\/product_cat?post=36239"},{"taxonomy":"product_tag","embeddable":true,"href":"https:\/\/www.saigonstereo.com\/home\/wp-json\/wp\/v2\/product_tag?post=36239"}],"curies":[{"name":"wp","href":"https:\/\/api.w.org\/{rel}","templated":true}]}}