{"id":36339,"date":"2015-07-14T14:27:18","date_gmt":"2015-07-14T07:27:18","guid":{"rendered":"http:\/\/www.saigonstereo.com\/home\/?post_type=product&#038;p=36339"},"modified":"2015-09-25T15:26:10","modified_gmt":"2015-09-25T08:26:10","slug":"loc-nguon-ayre-acoustics-l-5xe","status":"publish","type":"product","link":"https:\/\/www.saigonstereo.com\/home\/san-pham\/loc-nguon-ayre-acoustics-l-5xe\/","title":{"rendered":"L\u1ecdc ngu\u1ed3n Ayre Acoustics L-5xe"},"content":{"rendered":"<p>T\u1eadn d\u1ee5ng \u0111\u01b0\u1ee3c l\u1ee3i th\u1ebf c\u1ee7a nhi\u1ec1u n\u0103m kinh nghi\u1ec7m l\u1ecdc ngu\u1ed3n\u00a0AC v\u1edbi Ayre L-5xe. Ayre Conditioner \u0111\u1ed9c quy\u1ec1n c\u1ee7a Ayre\u00a0l\u00e0m tri\u1ec7t ti\u00eau nhi\u1ec5u cao t\u1ea7ng, cung c\u1ea5p ngu\u1ed3n \u0111i\u1ec7n AC s\u1ea1ch cho h\u1ec7 th\u1ed1ng c\u1ee7a b\u1ea1n. Backgrounds tr\u1edf n\u00ean s\u00e2u s\u1eafc v\u00e0 phong ph\u00fa h\u01a1n, v\u00e0 d\u1ec5 di v\u00e0o l\u00f2ng ng\u01b0\u1eddi nghe h\u01a1n. B\u1ed1n b\u1ed9 ph\u1eadn \u0111\u1ed9c l\u1eadp cung c\u1ea5p \u0111\u1ea7u l\u1ecdc hai chi\u1ec1u \u0111\u1ec3 ph\u00e2n l\u1eadp ho\u00e0n to\u00e0n c\u00e1c th\u00e0nh ph\u1ea7n c\u1ee7a b\u1ea1n, bao g\u1ed3m c\u00e1c ngu\u1ed3n k\u1ef9 thu\u1eadt s\u1ed1. N\u0103ng l\u1ef1c hi\u1ec7n t\u1ea1i c\u1ee7a s\u1ea3n ph\u1ea9m n\u00e0y l\u00e0 kh\u00f4ng gi\u1edbi h\u1ea1n, t\u1ee9c l\u00e0 \u0111\u1ed9 \u0111\u1ed9ng kh\u00f4ng h\u1ea1n ch\u1ebf v\u1edbi ngay v\u1edbi nh\u1eefng b\u1ed9 khu\u1ebfch \u0111\u1ea1i \u0111\u00f2i h\u1ecfi kh\u1eaft khe nh\u1ea5t. L-5xe \u0111\u00e3 ti\u1ebfn th\u00eam m\u1ed9t b\u1eadc cao m\u1edbi c\u1ee7a t\u00ednh m\u1ea1ch l\u1ea1c v\u00e0 ch\u00ednh x\u00e1c.<\/p>\n<div id=\"features\"><strong>\u0110\u1eb7c t\u00ednh<\/strong><\/div>\n<div id=\"featurestxt\">\n<ul>\n<li>Individual filtering and grounding of each outlet<\/li>\n<li>No current limiting<\/li>\n<li>Ferrite-free construction<\/li>\n<li>Rhodium plated contacts<\/li>\n<\/ul>\n<p><strong>Th\u00f4ng s\u1ed1 \u00a0k\u0129 thu\u1ead<\/strong>t<\/p>\n<div id=\"specstxt\">\n<p><strong>Four individual outlets<\/strong><\/p>\n<p><strong>Modular IEC inlet<\/strong><\/p>\n<p><strong>11.5 AWG internal conductors<\/strong><\/p>\n<p><strong>Dimensions<\/strong><br \/>\n17.25&#8243;W x 13.75&#8243;D x 2.38&#8243;H<br \/>\n(43.8cm x 35cm x 6cm)<\/p>\n<p><strong>Weight<\/strong><br \/>\n12 pounds (5.5 kg)<\/p>\n<\/div>\n<\/div>\n<p>&nbsp;<\/p>\n","protected":false},"excerpt":{"rendered":"<p>\u0110\u01b0\u1ee3c thi\u1ebft k\u1ebf v\u00e0 l\u1eafp r\u00e1p th\u1ee7 c\u00f4ng \u1edf Boulder, Colorado \u2013 Series 5 tr\u01b0\u1eddng t\u1ed3n tr\u01b0\u1edbc c\u00e1c th\u00e1ch th\u1ee9c th\u1eddi gian nh\u01b0 l\u00e0 m\u1ed9t thi\u1ebft b\u1ecb c\u1ef1c k\u00ec \u0111\u00e1ng tin c\u1eady c\u00f3 ch\u1ea5t l\u01b0\u1ee3ng \u00e2m thanh tuy\u1ec7t h\u1ea3o, \u0111\u01b0\u1ee3c c\u00e1c nh\u00e0 review tr\u00ean to\u00e0n th\u1ebf gi\u1edbi c\u00f4ng nh\u1eadn. Tri\u1ebft l\u00ed c\u1ee7a Ayre Acoustics \u01b0u ti\u00ean ch\u00fa tr\u1ecdng vi\u1ec7c n\u00e2ng c\u1ea5p s\u1ea3n ph\u1ea9m n\u00ean m\u1ed7i thi\u1ebft b\u1ecb c\u1ee7a Series 5 \u0111\u1ec1u \u0111\u01b0\u1ee3c n\u00e2ng c\u1ea5p li\u00ean t\u1ee5c nh\u1eb1m ph\u1ea3n \u00e1nh nh\u1eefng c\u1ea3i ti\u1ebfn k\u1ef9 thu\u1eadt quan tr\u1ecdng h\u1ecd \u0111\u00e3 kh\u00e1m ph\u00e1 ra trong qu\u00e1 tr\u00ecnh nghi\u00ean c\u1ee9u v\u00e0 ph\u00e1t tri\u1ec3n. M\u1ed7i s\u1ea3n ph\u1ea9m trong Series 5 n\u00e0y \u0111\u01b0\u1ee3c thi\u1ebft k\u1ebf d\u00e0nh ri\u00eang cho cu\u1ed9c s\u1ed1ng t\u1eadn h\u01b0\u1edfng \u00e2m nh\u1ea1c.<\/p>\n<p>\u2014<\/p>\n","protected":false},"featured_media":36340,"comment_status":"open","ping_status":"closed","template":"","meta":{"jetpack_post_was_ever_published":false,"jetpack_publicize_message":"","jetpack_is_tweetstorm":false,"jetpack_publicize_feature_enabled":true,"jetpack_social_post_already_shared":true,"jetpack_social_options":[]},"product_cat":[49,715],"product_tag":[],"class_list":["post-36339","product","type-product","status-publish","has-post-thumbnail","hentry","product_cat-day-dan-phu-kien","product_cat-ayre-acoustics-day-dan-phu-kien","description-off"],"jetpack_publicize_connections":[],"yoast_head":"<!-- This site is optimized with the Yoast SEO plugin v20.4 - https:\/\/yoast.com\/wordpress\/plugins\/seo\/ -->\n<title>L\u1ecdc ngu\u1ed3n Ayre Acoustics L-5xe - SaigonStereo<\/title>\n<meta name=\"robots\" content=\"index, follow, max-snippet:-1, max-image-preview:large, max-video-preview:-1\" \/>\n<link rel=\"canonical\" href=\"https:\/\/www.saigonstereo.com\/home\/san-pham\/loc-nguon-ayre-acoustics-l-5xe\/\" \/>\n<meta property=\"og:locale\" content=\"vi_VN\" \/>\n<meta property=\"og:type\" content=\"article\" \/>\n<meta property=\"og:title\" content=\"L\u1ecdc ngu\u1ed3n Ayre Acoustics L-5xe - SaigonStereo\" \/>\n<meta property=\"og:description\" content=\"\u0110\u01b0\u1ee3c thi\u1ebft k\u1ebf v\u00e0 l\u1eafp r\u00e1p th\u1ee7 c\u00f4ng \u1edf Boulder, Colorado \u2013 Series 5 tr\u01b0\u1eddng t\u1ed3n tr\u01b0\u1edbc c\u00e1c th\u00e1ch th\u1ee9c th\u1eddi gian nh\u01b0 l\u00e0 m\u1ed9t thi\u1ebft b\u1ecb c\u1ef1c k\u00ec \u0111\u00e1ng tin c\u1eady c\u00f3 ch\u1ea5t l\u01b0\u1ee3ng \u00e2m thanh tuy\u1ec7t h\u1ea3o, \u0111\u01b0\u1ee3c c\u00e1c nh\u00e0 review tr\u00ean to\u00e0n th\u1ebf gi\u1edbi c\u00f4ng nh\u1eadn. Tri\u1ebft l\u00ed c\u1ee7a Ayre Acoustics \u01b0u ti\u00ean ch\u00fa tr\u1ecdng vi\u1ec7c n\u00e2ng c\u1ea5p s\u1ea3n ph\u1ea9m n\u00ean m\u1ed7i thi\u1ebft b\u1ecb c\u1ee7a Series 5 \u0111\u1ec1u \u0111\u01b0\u1ee3c n\u00e2ng c\u1ea5p li\u00ean t\u1ee5c nh\u1eb1m ph\u1ea3n \u00e1nh nh\u1eefng c\u1ea3i ti\u1ebfn k\u1ef9 thu\u1eadt quan tr\u1ecdng h\u1ecd \u0111\u00e3 kh\u00e1m ph\u00e1 ra trong qu\u00e1 tr\u00ecnh nghi\u00ean c\u1ee9u v\u00e0 ph\u00e1t tri\u1ec3n. M\u1ed7i s\u1ea3n ph\u1ea9m trong Series 5 n\u00e0y \u0111\u01b0\u1ee3c thi\u1ebft k\u1ebf d\u00e0nh ri\u00eang cho cu\u1ed9c s\u1ed1ng t\u1eadn h\u01b0\u1edfng \u00e2m nh\u1ea1c.  \u2014\" \/>\n<meta property=\"og:url\" content=\"https:\/\/www.saigonstereo.com\/home\/san-pham\/loc-nguon-ayre-acoustics-l-5xe\/\" \/>\n<meta property=\"og:site_name\" content=\"SaigonStereo\" \/>\n<meta property=\"article:modified_time\" content=\"2015-09-25T08:26:10+00:00\" \/>\n<meta property=\"og:image\" content=\"https:\/\/www.saigonstereo.com\/home\/wp-content\/uploads\/2015\/07\/Ayre_L-5xe.jpg\" \/>\n\t<meta property=\"og:image:width\" content=\"1000\" \/>\n\t<meta property=\"og:image:height\" content=\"659\" \/>\n\t<meta property=\"og:image:type\" content=\"image\/jpeg\" \/>\n<meta name=\"twitter:card\" content=\"summary_large_image\" \/>\n<meta name=\"twitter:label1\" content=\"\u01af\u1edbc t\u00ednh th\u1eddi gian \u0111\u1ecdc\" \/>\n\t<meta name=\"twitter:data1\" content=\"1 ph\u00fat\" \/>\n<script type=\"application\/ld+json\" class=\"yoast-schema-graph\">{\"@context\":\"https:\/\/schema.org\",\"@graph\":[{\"@type\":\"WebPage\",\"@id\":\"https:\/\/www.saigonstereo.com\/home\/san-pham\/loc-nguon-ayre-acoustics-l-5xe\/\",\"url\":\"https:\/\/www.saigonstereo.com\/home\/san-pham\/loc-nguon-ayre-acoustics-l-5xe\/\",\"name\":\"L\u1ecdc ngu\u1ed3n Ayre Acoustics L-5xe - SaigonStereo\",\"isPartOf\":{\"@id\":\"https:\/\/www.saigonstereo.com\/home\/#website\"},\"datePublished\":\"2015-07-14T07:27:18+00:00\",\"dateModified\":\"2015-09-25T08:26:10+00:00\",\"breadcrumb\":{\"@id\":\"https:\/\/www.saigonstereo.com\/home\/san-pham\/loc-nguon-ayre-acoustics-l-5xe\/#breadcrumb\"},\"inLanguage\":\"vi\",\"potentialAction\":[{\"@type\":\"ReadAction\",\"target\":[\"https:\/\/www.saigonstereo.com\/home\/san-pham\/loc-nguon-ayre-acoustics-l-5xe\/\"]}]},{\"@type\":\"BreadcrumbList\",\"@id\":\"https:\/\/www.saigonstereo.com\/home\/san-pham\/loc-nguon-ayre-acoustics-l-5xe\/#breadcrumb\",\"itemListElement\":[{\"@type\":\"ListItem\",\"position\":1,\"name\":\"Home\",\"item\":\"https:\/\/www.saigonstereo.com\/home\/\"},{\"@type\":\"ListItem\",\"position\":2,\"name\":\"Products\",\"item\":\"https:\/\/www.saigonstereo.com\/home\/shop\/\"},{\"@type\":\"ListItem\",\"position\":3,\"name\":\"L\u1ecdc ngu\u1ed3n Ayre Acoustics L-5xe\"}]},{\"@type\":\"WebSite\",\"@id\":\"https:\/\/www.saigonstereo.com\/home\/#website\",\"url\":\"https:\/\/www.saigonstereo.com\/home\/\",\"name\":\"SaigonStereo\",\"description\":\"Nh\u00e0 ph\u00e2n ph\u1ed1i thi\u1ebft b\u1ecb \u00e2m thanh cao c\u1ea5p\",\"potentialAction\":[{\"@type\":\"SearchAction\",\"target\":{\"@type\":\"EntryPoint\",\"urlTemplate\":\"https:\/\/www.saigonstereo.com\/home\/?s={search_term_string}\"},\"query-input\":\"required name=search_term_string\"}],\"inLanguage\":\"vi\"}]}<\/script>\n<!-- \/ Yoast SEO plugin. -->","yoast_head_json":{"title":"L\u1ecdc ngu\u1ed3n Ayre Acoustics L-5xe - SaigonStereo","robots":{"index":"index","follow":"follow","max-snippet":"max-snippet:-1","max-image-preview":"max-image-preview:large","max-video-preview":"max-video-preview:-1"},"canonical":"https:\/\/www.saigonstereo.com\/home\/san-pham\/loc-nguon-ayre-acoustics-l-5xe\/","og_locale":"vi_VN","og_type":"article","og_title":"L\u1ecdc ngu\u1ed3n Ayre Acoustics L-5xe - SaigonStereo","og_description":"\u0110\u01b0\u1ee3c thi\u1ebft k\u1ebf v\u00e0 l\u1eafp r\u00e1p th\u1ee7 c\u00f4ng \u1edf Boulder, Colorado \u2013 Series 5 tr\u01b0\u1eddng t\u1ed3n tr\u01b0\u1edbc c\u00e1c th\u00e1ch th\u1ee9c th\u1eddi gian nh\u01b0 l\u00e0 m\u1ed9t thi\u1ebft b\u1ecb c\u1ef1c k\u00ec \u0111\u00e1ng tin c\u1eady c\u00f3 ch\u1ea5t l\u01b0\u1ee3ng \u00e2m thanh tuy\u1ec7t h\u1ea3o, \u0111\u01b0\u1ee3c c\u00e1c nh\u00e0 review tr\u00ean to\u00e0n th\u1ebf gi\u1edbi c\u00f4ng nh\u1eadn. Tri\u1ebft l\u00ed c\u1ee7a Ayre Acoustics \u01b0u ti\u00ean ch\u00fa tr\u1ecdng vi\u1ec7c n\u00e2ng c\u1ea5p s\u1ea3n ph\u1ea9m n\u00ean m\u1ed7i thi\u1ebft b\u1ecb c\u1ee7a Series 5 \u0111\u1ec1u \u0111\u01b0\u1ee3c n\u00e2ng c\u1ea5p li\u00ean t\u1ee5c nh\u1eb1m ph\u1ea3n \u00e1nh nh\u1eefng c\u1ea3i ti\u1ebfn k\u1ef9 thu\u1eadt quan tr\u1ecdng h\u1ecd \u0111\u00e3 kh\u00e1m ph\u00e1 ra trong qu\u00e1 tr\u00ecnh nghi\u00ean c\u1ee9u v\u00e0 ph\u00e1t tri\u1ec3n. M\u1ed7i s\u1ea3n ph\u1ea9m trong Series 5 n\u00e0y \u0111\u01b0\u1ee3c thi\u1ebft k\u1ebf d\u00e0nh ri\u00eang cho cu\u1ed9c s\u1ed1ng t\u1eadn h\u01b0\u1edfng \u00e2m nh\u1ea1c.  \u2014","og_url":"https:\/\/www.saigonstereo.com\/home\/san-pham\/loc-nguon-ayre-acoustics-l-5xe\/","og_site_name":"SaigonStereo","article_modified_time":"2015-09-25T08:26:10+00:00","og_image":[{"width":1000,"height":659,"url":"https:\/\/www.saigonstereo.com\/home\/wp-content\/uploads\/2015\/07\/Ayre_L-5xe.jpg","type":"image\/jpeg"}],"twitter_card":"summary_large_image","twitter_misc":{"\u01af\u1edbc t\u00ednh th\u1eddi gian \u0111\u1ecdc":"1 ph\u00fat"},"schema":{"@context":"https:\/\/schema.org","@graph":[{"@type":"WebPage","@id":"https:\/\/www.saigonstereo.com\/home\/san-pham\/loc-nguon-ayre-acoustics-l-5xe\/","url":"https:\/\/www.saigonstereo.com\/home\/san-pham\/loc-nguon-ayre-acoustics-l-5xe\/","name":"L\u1ecdc ngu\u1ed3n Ayre Acoustics L-5xe - SaigonStereo","isPartOf":{"@id":"https:\/\/www.saigonstereo.com\/home\/#website"},"datePublished":"2015-07-14T07:27:18+00:00","dateModified":"2015-09-25T08:26:10+00:00","breadcrumb":{"@id":"https:\/\/www.saigonstereo.com\/home\/san-pham\/loc-nguon-ayre-acoustics-l-5xe\/#breadcrumb"},"inLanguage":"vi","potentialAction":[{"@type":"ReadAction","target":["https:\/\/www.saigonstereo.com\/home\/san-pham\/loc-nguon-ayre-acoustics-l-5xe\/"]}]},{"@type":"BreadcrumbList","@id":"https:\/\/www.saigonstereo.com\/home\/san-pham\/loc-nguon-ayre-acoustics-l-5xe\/#breadcrumb","itemListElement":[{"@type":"ListItem","position":1,"name":"Home","item":"https:\/\/www.saigonstereo.com\/home\/"},{"@type":"ListItem","position":2,"name":"Products","item":"https:\/\/www.saigonstereo.com\/home\/shop\/"},{"@type":"ListItem","position":3,"name":"L\u1ecdc ngu\u1ed3n Ayre Acoustics L-5xe"}]},{"@type":"WebSite","@id":"https:\/\/www.saigonstereo.com\/home\/#website","url":"https:\/\/www.saigonstereo.com\/home\/","name":"SaigonStereo","description":"Nh\u00e0 ph\u00e2n ph\u1ed1i thi\u1ebft b\u1ecb \u00e2m thanh cao c\u1ea5p","potentialAction":[{"@type":"SearchAction","target":{"@type":"EntryPoint","urlTemplate":"https:\/\/www.saigonstereo.com\/home\/?s={search_term_string}"},"query-input":"required name=search_term_string"}],"inLanguage":"vi"}]}},"jetpack_sharing_enabled":true,"_links":{"self":[{"href":"https:\/\/www.saigonstereo.com\/home\/wp-json\/wp\/v2\/product\/36339","targetHints":{"allow":["GET"]}}],"collection":[{"href":"https:\/\/www.saigonstereo.com\/home\/wp-json\/wp\/v2\/product"}],"about":[{"href":"https:\/\/www.saigonstereo.com\/home\/wp-json\/wp\/v2\/types\/product"}],"replies":[{"embeddable":true,"href":"https:\/\/www.saigonstereo.com\/home\/wp-json\/wp\/v2\/comments?post=36339"}],"wp:featuredmedia":[{"embeddable":true,"href":"https:\/\/www.saigonstereo.com\/home\/wp-json\/wp\/v2\/media\/36340"}],"wp:attachment":[{"href":"https:\/\/www.saigonstereo.com\/home\/wp-json\/wp\/v2\/media?parent=36339"}],"wp:term":[{"taxonomy":"product_cat","embeddable":true,"href":"https:\/\/www.saigonstereo.com\/home\/wp-json\/wp\/v2\/product_cat?post=36339"},{"taxonomy":"product_tag","embeddable":true,"href":"https:\/\/www.saigonstereo.com\/home\/wp-json\/wp\/v2\/product_tag?post=36339"}],"curies":[{"name":"wp","href":"https:\/\/api.w.org\/{rel}","templated":true}]}}