{"id":36590,"date":"2015-07-18T14:31:07","date_gmt":"2015-07-18T07:31:07","guid":{"rendered":"http:\/\/www.saigonstereo.com\/home\/?post_type=product&#038;p=36590"},"modified":"2015-09-25T15:22:33","modified_gmt":"2015-09-25T08:22:33","slug":"loc-nguon-einstein-the-octopus-ultimate","status":"publish","type":"product","link":"https:\/\/www.saigonstereo.com\/home\/san-pham\/loc-nguon-einstein-the-octopus-ultimate\/","title":{"rendered":"L\u1ecdc ngu\u1ed3n Einstein The Octopus Ultimate"},"content":{"rendered":"<p>The Octopus Ultimate bao g\u1ed3m 8 \u1ed5 c\u1ea5p ngu\u1ed3n trong \u0111\u00f3 c\u00f3 4 \u1ed5 trang b\u1ecb m\u1ea1ch l\u1ecdc \u0111\u01b0\u1ee3c b\u1ed1 tr\u00ed \u1edf hai m\u1eb7t \u0111\u1ed1i di\u1ec7n nhau, m\u1ed7i m\u1eb7t nghi\u00eang m\u1ed9t g\u00f3c 30 \u0111\u1ed9 so v\u1edbi ph\u01b0\u01a1ng ngang gi\u00fap gia t\u0103ng \u0111\u1ed9 \u1ed5n \u0111\u1ecbnh c\u1ee7a c\u00e1c \u0111i\u1ec3m ti\u1ebfp x\u00fac gi\u1eefa d\u00e2y ngu\u1ed3n v\u00e0 \u1ed5 c\u1eafm. \u0110i\u1ec1u n\u00e0y r\u1ea5t quan tr\u1ecdng khi s\u1eed d\u1ee5ng c\u00e1c lo\u1ea1i d\u00e2y ngu\u1ed3n r\u1eddi c\u00f3 k\u00edch th\u01b0\u1edbc v\u00e0 tr\u1ecdng l\u01b0\u1ee3ng l\u1edbn h\u01a1n d\u00e2y ti\u00eau chu\u1ea9n theo m\u00e1y.<\/p>\n<p>M\u1ed7i m\u1eb7t \u0111\u1ec1u trang b\u1ecb \u0111\u1ed3ng h\u1ed3 theo d\u00f5i m\u1ee9c hi\u1ec7u \u0111i\u1ec7n th\u1ebf ng\u00f5 v\u00e0o hi\u1ec7n t\u1ea1i, m\u1ea1ch b\u1ea3o v\u1ec7 qu\u00e1 t\u1ea3i, m\u1ea1ch l\u1ecdc nhi\u1ec5u radio RF, \u0111\u00e8n b\u00e1o pha. \u0110\u1eb7c bi\u1ec7t, khi ph\u00e1t hi\u1ec7n qu\u00e1 \u00e1p hay r\u00f2 DC, The Octopus Ultimate s\u1ebd t\u1ef1 \u0111\u1ed9ng ng\u1eaft m\u1ea1ch \u0111\u1ec3 b\u1ea3o v\u1ec7 an to\u00e0n cho thi\u1ebft b\u1ecb.<\/p>\n<h2>Th\u00f4ng s\u1ed1 k\u1ef9 thu\u1eadt The Octopus Ultimate:<\/h2>\n<p>&#8211; V\u1ecf m\u00e1y b\u1eb1ng th\u00e9p kh\u00f4ng g\u1ec9 ch\u1ea5t l\u01b0\u1ee3ng cao V2A<br \/>\n&#8211; D\u00e2y d\u1eabn b\u00ean trong b\u1eb1ng \u0111\u1ed3ng si\u00eau tinh khi\u1ebft ti\u1ebft di\u1ec7n 2mm\u00b2 ph\u1ee7 &#8211; l\u1edbp Teflon c\u00e1ch \u0111i\u1ec7n.<br \/>\n&#8211; T\u1ed5ng t\u1ea3i 16A, t\u1ef1 ng\u1eaft khi qu\u00e1 \u00e1p<br \/>\n&#8211; X\u00e1c \u0111\u1ecbnh pha t\u1ef1 \u0111\u1ed9ng<br \/>\n&#8211; M\u1ea1ch b\u1ea3o v\u1ec7 qu\u00e1 t\u1ea3i<br \/>\n&#8211; M\u00e0n h\u00ecnh hi\u1ec3n th\u1ecb \u0111i\u1ec7n th\u1ebf ngu\u1ed3n, c\u1ea3nh b\u00e1o r\u00f2 DC<br \/>\n&#8211; Linh ki\u1ec7n ch\u1ea5t l\u01b0\u1ee3ng cao<br \/>\n&#8211; M\u1ea1ch l\u1ecdc ngu\u1ed3n (\u1ed5 c\u1eafm m\u00e0u \u0111\u1ecf) t\u1ea3i 6A \u0111\u1ed9c l\u1eadp<br \/>\n&#8211; K\u00edch th\u01b0\u1edbc: 39 x 15 x 9 cm<\/p>\n","protected":false},"excerpt":{"rendered":"<p>B\u1ed9 l\u1ecdc ngu\u1ed3n The Octopus Ultimate \u0111\u01b0\u1ee3c ch\u1ebf t\u1ea1o b\u1edfi h\u00e3ng ampli \u0111\u00e8n danh ti\u1ebfng Einstein Audio (\u0110\u1ee9c) v\u1edbi thi\u1ebft k\u1ebf tam di\u1ec7n b\u1eb1ng th\u00e9p kh\u00f4ng g\u1ec9 nguy\u00ean kh\u1ed1i \u0111\u01b0\u1ee3c \u0111\u00e1nh b\u00f3ng s\u00e1ng lo\u00e1ng r\u1ea5t sang tr\u1ecdng.<\/p>\n<p>\u0110\u00fang v\u1edbi tri\u1ebft l\u00fd c\u1ee7a Einstein Audio &#8220;\u0110\u01a1n gi\u1ea3n, sang tr\u1ecdng nh\u01b0ng \u0111\u1ea7y \u0111\u1ee7 ch\u1ee9c n\u0103ng&#8221;, v\u1ecf m\u00e1y \u0111\u01b0\u1ee3c k\u1ebft n\u1ed1i b\u1eb1ng ng\u00e0m \u1ea9n, ho\u00e0n to\u00e0n kh\u00f4ng t\u00ecm th\u1ea5y d\u1ea5u v\u1ebft \u1ed1c k\u1ebft n\u1ed1i tr\u00ean b\u1ec1 m\u1eb7t c\u1ee7a The Octopus Ultimate.<\/p>\n","protected":false},"featured_media":36676,"comment_status":"open","ping_status":"closed","template":"","meta":{"jetpack_post_was_ever_published":false,"jetpack_publicize_message":"","jetpack_is_tweetstorm":false,"jetpack_publicize_feature_enabled":true,"jetpack_social_post_already_shared":true,"jetpack_social_options":[]},"product_cat":[49,736],"product_tag":[718,790],"class_list":["post-36590","product","type-product","status-publish","has-post-thumbnail","hentry","product_cat-day-dan-phu-kien","product_cat-einstein-audio-day-dan-phu-kien","product_tag-einstein-audio","product_tag-loc-nguon","description-off"],"jetpack_publicize_connections":[],"yoast_head":"<!-- This site is optimized with the Yoast SEO plugin v20.4 - https:\/\/yoast.com\/wordpress\/plugins\/seo\/ -->\n<title>L\u1ecdc ngu\u1ed3n Einstein The Octopus Ultimate<\/title>\n<meta name=\"description\" content=\"\u0110\u00fang v\u1edbi tri\u1ebft l\u00fd c\u1ee7a Einstein Audio &quot;\u0110\u01a1n gi\u1ea3n, sang tr\u1ecdng nh\u01b0ng \u0111\u1ea7y \u0111\u1ee7 ch\u1ee9c n\u0103ng&quot;, v\u1ecf The Octopus Ultimate \u0111\u01b0\u1ee3c k\u1ebft n\u1ed1i b\u1eb1ng ng\u00e0m \u1ea9n, ho\u00e0n to\u00e0n kh\u00f4ng...\" \/>\n<meta name=\"robots\" content=\"index, follow, max-snippet:-1, max-image-preview:large, max-video-preview:-1\" \/>\n<link rel=\"canonical\" href=\"https:\/\/www.saigonstereo.com\/home\/san-pham\/loc-nguon-einstein-the-octopus-ultimate\/\" \/>\n<meta property=\"og:locale\" content=\"vi_VN\" \/>\n<meta property=\"og:type\" content=\"article\" \/>\n<meta property=\"og:title\" content=\"L\u1ecdc ngu\u1ed3n Einstein The Octopus Ultimate\" \/>\n<meta property=\"og:description\" content=\"\u0110\u00fang v\u1edbi tri\u1ebft l\u00fd c\u1ee7a Einstein Audio &quot;\u0110\u01a1n gi\u1ea3n, sang tr\u1ecdng nh\u01b0ng \u0111\u1ea7y \u0111\u1ee7 ch\u1ee9c n\u0103ng&quot;, v\u1ecf The Octopus Ultimate \u0111\u01b0\u1ee3c k\u1ebft n\u1ed1i b\u1eb1ng ng\u00e0m \u1ea9n, ho\u00e0n to\u00e0n kh\u00f4ng...\" \/>\n<meta property=\"og:url\" content=\"https:\/\/www.saigonstereo.com\/home\/san-pham\/loc-nguon-einstein-the-octopus-ultimate\/\" \/>\n<meta property=\"og:site_name\" content=\"SaigonStereo\" \/>\n<meta property=\"article:modified_time\" content=\"2015-09-25T08:22:33+00:00\" \/>\n<meta property=\"og:image\" content=\"https:\/\/www.saigonstereo.com\/home\/wp-content\/uploads\/2015\/07\/the-Octopus-ultimate2.jpg\" \/>\n\t<meta property=\"og:image:width\" content=\"640\" \/>\n\t<meta property=\"og:image:height\" content=\"640\" \/>\n\t<meta property=\"og:image:type\" content=\"image\/jpeg\" \/>\n<meta name=\"twitter:card\" content=\"summary_large_image\" \/>\n<meta name=\"twitter:label1\" content=\"\u01af\u1edbc t\u00ednh th\u1eddi gian \u0111\u1ecdc\" \/>\n\t<meta name=\"twitter:data1\" content=\"2 ph\u00fat\" \/>\n<script type=\"application\/ld+json\" class=\"yoast-schema-graph\">{\"@context\":\"https:\/\/schema.org\",\"@graph\":[{\"@type\":\"WebPage\",\"@id\":\"https:\/\/www.saigonstereo.com\/home\/san-pham\/loc-nguon-einstein-the-octopus-ultimate\/\",\"url\":\"https:\/\/www.saigonstereo.com\/home\/san-pham\/loc-nguon-einstein-the-octopus-ultimate\/\",\"name\":\"L\u1ecdc ngu\u1ed3n Einstein The Octopus Ultimate\",\"isPartOf\":{\"@id\":\"https:\/\/www.saigonstereo.com\/home\/#website\"},\"datePublished\":\"2015-07-18T07:31:07+00:00\",\"dateModified\":\"2015-09-25T08:22:33+00:00\",\"description\":\"\u0110\u00fang v\u1edbi tri\u1ebft l\u00fd c\u1ee7a Einstein Audio \\\"\u0110\u01a1n gi\u1ea3n, sang tr\u1ecdng nh\u01b0ng \u0111\u1ea7y \u0111\u1ee7 ch\u1ee9c n\u0103ng\\\", v\u1ecf The Octopus Ultimate \u0111\u01b0\u1ee3c k\u1ebft n\u1ed1i b\u1eb1ng ng\u00e0m \u1ea9n, ho\u00e0n to\u00e0n kh\u00f4ng...\",\"breadcrumb\":{\"@id\":\"https:\/\/www.saigonstereo.com\/home\/san-pham\/loc-nguon-einstein-the-octopus-ultimate\/#breadcrumb\"},\"inLanguage\":\"vi\",\"potentialAction\":[{\"@type\":\"ReadAction\",\"target\":[\"https:\/\/www.saigonstereo.com\/home\/san-pham\/loc-nguon-einstein-the-octopus-ultimate\/\"]}]},{\"@type\":\"BreadcrumbList\",\"@id\":\"https:\/\/www.saigonstereo.com\/home\/san-pham\/loc-nguon-einstein-the-octopus-ultimate\/#breadcrumb\",\"itemListElement\":[{\"@type\":\"ListItem\",\"position\":1,\"name\":\"Home\",\"item\":\"https:\/\/www.saigonstereo.com\/home\/\"},{\"@type\":\"ListItem\",\"position\":2,\"name\":\"Products\",\"item\":\"https:\/\/www.saigonstereo.com\/home\/shop\/\"},{\"@type\":\"ListItem\",\"position\":3,\"name\":\"L\u1ecdc ngu\u1ed3n Einstein The Octopus Ultimate\"}]},{\"@type\":\"WebSite\",\"@id\":\"https:\/\/www.saigonstereo.com\/home\/#website\",\"url\":\"https:\/\/www.saigonstereo.com\/home\/\",\"name\":\"SaigonStereo\",\"description\":\"Nh\u00e0 ph\u00e2n ph\u1ed1i thi\u1ebft b\u1ecb \u00e2m thanh cao c\u1ea5p\",\"potentialAction\":[{\"@type\":\"SearchAction\",\"target\":{\"@type\":\"EntryPoint\",\"urlTemplate\":\"https:\/\/www.saigonstereo.com\/home\/?s={search_term_string}\"},\"query-input\":\"required name=search_term_string\"}],\"inLanguage\":\"vi\"}]}<\/script>\n<!-- \/ Yoast SEO plugin. -->","yoast_head_json":{"title":"L\u1ecdc ngu\u1ed3n Einstein The Octopus Ultimate","description":"\u0110\u00fang v\u1edbi tri\u1ebft l\u00fd c\u1ee7a Einstein Audio \"\u0110\u01a1n gi\u1ea3n, sang tr\u1ecdng nh\u01b0ng \u0111\u1ea7y \u0111\u1ee7 ch\u1ee9c n\u0103ng\", v\u1ecf The Octopus Ultimate \u0111\u01b0\u1ee3c k\u1ebft n\u1ed1i b\u1eb1ng ng\u00e0m \u1ea9n, ho\u00e0n to\u00e0n kh\u00f4ng...","robots":{"index":"index","follow":"follow","max-snippet":"max-snippet:-1","max-image-preview":"max-image-preview:large","max-video-preview":"max-video-preview:-1"},"canonical":"https:\/\/www.saigonstereo.com\/home\/san-pham\/loc-nguon-einstein-the-octopus-ultimate\/","og_locale":"vi_VN","og_type":"article","og_title":"L\u1ecdc ngu\u1ed3n Einstein The Octopus Ultimate","og_description":"\u0110\u00fang v\u1edbi tri\u1ebft l\u00fd c\u1ee7a Einstein Audio \"\u0110\u01a1n gi\u1ea3n, sang tr\u1ecdng nh\u01b0ng \u0111\u1ea7y \u0111\u1ee7 ch\u1ee9c n\u0103ng\", v\u1ecf The Octopus Ultimate \u0111\u01b0\u1ee3c k\u1ebft n\u1ed1i b\u1eb1ng ng\u00e0m \u1ea9n, ho\u00e0n to\u00e0n kh\u00f4ng...","og_url":"https:\/\/www.saigonstereo.com\/home\/san-pham\/loc-nguon-einstein-the-octopus-ultimate\/","og_site_name":"SaigonStereo","article_modified_time":"2015-09-25T08:22:33+00:00","og_image":[{"width":640,"height":640,"url":"https:\/\/www.saigonstereo.com\/home\/wp-content\/uploads\/2015\/07\/the-Octopus-ultimate2.jpg","type":"image\/jpeg"}],"twitter_card":"summary_large_image","twitter_misc":{"\u01af\u1edbc t\u00ednh th\u1eddi gian \u0111\u1ecdc":"2 ph\u00fat"},"schema":{"@context":"https:\/\/schema.org","@graph":[{"@type":"WebPage","@id":"https:\/\/www.saigonstereo.com\/home\/san-pham\/loc-nguon-einstein-the-octopus-ultimate\/","url":"https:\/\/www.saigonstereo.com\/home\/san-pham\/loc-nguon-einstein-the-octopus-ultimate\/","name":"L\u1ecdc ngu\u1ed3n Einstein The Octopus Ultimate","isPartOf":{"@id":"https:\/\/www.saigonstereo.com\/home\/#website"},"datePublished":"2015-07-18T07:31:07+00:00","dateModified":"2015-09-25T08:22:33+00:00","description":"\u0110\u00fang v\u1edbi tri\u1ebft l\u00fd c\u1ee7a Einstein Audio \"\u0110\u01a1n gi\u1ea3n, sang tr\u1ecdng nh\u01b0ng \u0111\u1ea7y \u0111\u1ee7 ch\u1ee9c n\u0103ng\", v\u1ecf The Octopus Ultimate \u0111\u01b0\u1ee3c k\u1ebft n\u1ed1i b\u1eb1ng ng\u00e0m \u1ea9n, ho\u00e0n to\u00e0n kh\u00f4ng...","breadcrumb":{"@id":"https:\/\/www.saigonstereo.com\/home\/san-pham\/loc-nguon-einstein-the-octopus-ultimate\/#breadcrumb"},"inLanguage":"vi","potentialAction":[{"@type":"ReadAction","target":["https:\/\/www.saigonstereo.com\/home\/san-pham\/loc-nguon-einstein-the-octopus-ultimate\/"]}]},{"@type":"BreadcrumbList","@id":"https:\/\/www.saigonstereo.com\/home\/san-pham\/loc-nguon-einstein-the-octopus-ultimate\/#breadcrumb","itemListElement":[{"@type":"ListItem","position":1,"name":"Home","item":"https:\/\/www.saigonstereo.com\/home\/"},{"@type":"ListItem","position":2,"name":"Products","item":"https:\/\/www.saigonstereo.com\/home\/shop\/"},{"@type":"ListItem","position":3,"name":"L\u1ecdc ngu\u1ed3n Einstein The Octopus Ultimate"}]},{"@type":"WebSite","@id":"https:\/\/www.saigonstereo.com\/home\/#website","url":"https:\/\/www.saigonstereo.com\/home\/","name":"SaigonStereo","description":"Nh\u00e0 ph\u00e2n ph\u1ed1i thi\u1ebft b\u1ecb \u00e2m thanh cao c\u1ea5p","potentialAction":[{"@type":"SearchAction","target":{"@type":"EntryPoint","urlTemplate":"https:\/\/www.saigonstereo.com\/home\/?s={search_term_string}"},"query-input":"required name=search_term_string"}],"inLanguage":"vi"}]}},"jetpack_sharing_enabled":true,"_links":{"self":[{"href":"https:\/\/www.saigonstereo.com\/home\/wp-json\/wp\/v2\/product\/36590","targetHints":{"allow":["GET"]}}],"collection":[{"href":"https:\/\/www.saigonstereo.com\/home\/wp-json\/wp\/v2\/product"}],"about":[{"href":"https:\/\/www.saigonstereo.com\/home\/wp-json\/wp\/v2\/types\/product"}],"replies":[{"embeddable":true,"href":"https:\/\/www.saigonstereo.com\/home\/wp-json\/wp\/v2\/comments?post=36590"}],"wp:featuredmedia":[{"embeddable":true,"href":"https:\/\/www.saigonstereo.com\/home\/wp-json\/wp\/v2\/media\/36676"}],"wp:attachment":[{"href":"https:\/\/www.saigonstereo.com\/home\/wp-json\/wp\/v2\/media?parent=36590"}],"wp:term":[{"taxonomy":"product_cat","embeddable":true,"href":"https:\/\/www.saigonstereo.com\/home\/wp-json\/wp\/v2\/product_cat?post=36590"},{"taxonomy":"product_tag","embeddable":true,"href":"https:\/\/www.saigonstereo.com\/home\/wp-json\/wp\/v2\/product_tag?post=36590"}],"curies":[{"name":"wp","href":"https:\/\/api.w.org\/{rel}","templated":true}]}}