{"id":37041,"date":"2015-08-20T10:35:20","date_gmt":"2015-08-20T03:35:20","guid":{"rendered":"http:\/\/www.saigonstereo.com\/home\/?post_type=product&#038;p=37041"},"modified":"2020-03-27T14:11:32","modified_gmt":"2020-03-27T07:11:32","slug":"dia-cd-elac-the-voice-of-elac","status":"publish","type":"product","link":"https:\/\/www.saigonstereo.com\/home\/san-pham\/dia-cd-elac-the-voice-of-elac\/","title":{"rendered":"\u0110\u0129a CD Elac: The Voice of ELAC"},"content":{"rendered":"<p><strong>Danh s\u00e1ch b\u00e0i h\u00e1t album &#8220;The voice of ELAC&#8221;:<\/strong><\/p>\n<ol>\n<li>Red Meat (Taylor, Otis)<\/li>\n<li>Ready (Hutchinson, Meg)<\/li>\n<li>Horse &amp; Buggy (The Pines)<\/li>\n<li>Not Coming By (Emma-Lee)<\/li>\n<li>All Is One (Taylor, Allan)<\/li>\n<li>The Ten O&#8217;Clock Line (Newcomer, Carrie)<\/li>\n<li>Mattie Price (Brown, Greg)<\/li>\n<li>Hell&#8217;s Bell&#8217;s (Shaw, Jodi)<\/li>\n<li>500 Miles (Eberhardt, Cliff)<\/li>\n<li>Sinnerman (Hawkins, Sophie B.)<\/li>\n<li>Rosas Cantina (Munyon, David)<\/li>\n<li>Wild Horse (Kaplansky\/Gorka\/Gilkyson)<\/li>\n<li>Irreplacable (Ruffolo, Eugene)<\/li>\n<li>Foolish Things (Hanson, Lynne)<\/li>\n<\/ol>\n","protected":false},"excerpt":{"rendered":"<p>Album t\u1eadp h\u1ee3p 14 b\u1ea3n nh\u1ea1c pop, rock d\u1ec5 c\u1ea3m th\u1ee5 v\u1edbi ch\u1ee7 \u0111\u1ec1 Voice \/ Gi\u1ecdng ca \u0111\u01b0\u1ee3c ch\u1ecdn l\u1ecdc theo \u0111\u00fang tri\u1ebft l\u00fd \u00e2m nh\u1ea1c ch\u00e2n ph\u01b0\u01a1ng c\u1ee7a ELAC (\u0110\u1ee9c). Kh\u00e1c v\u1edbi CD \u0111\u1ea7u ti\u00ean, CD n\u00e0y \u0111\u01b0\u1ee3c ELAC ch\u0103m ch\u00fat h\u01a1n khi ph\u1ed1i h\u1ee3p c\u00f9ng v\u1edbi h\u00e3ng d\u00e2y d\u1eabn &amp; thu \u00e2m n\u1ed5i ti\u1ebfng c\u0169ng \u0111\u1ebfn t\u1eeb \u0110\u1ee9c: In-Akustik th\u1ef1c hi\u1ec7n.<\/p>\n","protected":false},"featured_media":37042,"comment_status":"open","ping_status":"closed","template":"","meta":{"jetpack_post_was_ever_published":false,"jetpack_publicize_message":"","jetpack_is_tweetstorm":false,"jetpack_publicize_feature_enabled":true,"jetpack_social_post_already_shared":true,"jetpack_social_options":[]},"product_cat":[842,1040],"product_tag":[845,826],"class_list":["post-37041","product","type-product","status-publish","has-post-thumbnail","hentry","product_cat-dia-nhac","product_cat-phu-kien-thanh-ly","product_tag-dia-cd","product_tag-elac","description-off"],"jetpack_publicize_connections":[],"yoast_head":"<!-- This site is optimized with the Yoast SEO plugin v20.4 - https:\/\/yoast.com\/wordpress\/plugins\/seo\/ -->\n<title>\u0110\u0129a CD Elac: The voice of ELAC<\/title>\n<meta name=\"description\" content=\"Kh\u00e1c v\u1edbi CD \u0111\u1ea7u ti\u00ean, CD &quot;The voice of ELAC&quot; \u0111\u01b0\u1ee3c ch\u0103m ch\u00fat h\u01a1n khi ph\u1ed1i h\u1ee3p c\u00f9ng v\u1edbi h\u00e3ng d\u00e2y d\u1eabn &amp; thu \u00e2m n\u1ed5i ti\u1ebfng c\u0169ng \u0111\u1ebfn t\u1eeb \u0110\u1ee9c: In-Akustik th\u1ef1c hi\u1ec7n.\" \/>\n<meta name=\"robots\" content=\"index, follow, max-snippet:-1, max-image-preview:large, max-video-preview:-1\" \/>\n<link rel=\"canonical\" href=\"https:\/\/www.saigonstereo.com\/home\/san-pham\/dia-cd-elac-the-voice-of-elac\/\" \/>\n<meta property=\"og:locale\" content=\"vi_VN\" \/>\n<meta property=\"og:type\" content=\"article\" \/>\n<meta property=\"og:title\" content=\"\u0110\u0129a CD Elac: The voice of ELAC\" \/>\n<meta property=\"og:description\" content=\"Kh\u00e1c v\u1edbi CD \u0111\u1ea7u ti\u00ean, CD &quot;The voice of ELAC&quot; \u0111\u01b0\u1ee3c ch\u0103m ch\u00fat h\u01a1n khi ph\u1ed1i h\u1ee3p c\u00f9ng v\u1edbi h\u00e3ng d\u00e2y d\u1eabn &amp; thu \u00e2m n\u1ed5i ti\u1ebfng c\u0169ng \u0111\u1ebfn t\u1eeb \u0110\u1ee9c: In-Akustik th\u1ef1c hi\u1ec7n.\" \/>\n<meta property=\"og:url\" content=\"https:\/\/www.saigonstereo.com\/home\/san-pham\/dia-cd-elac-the-voice-of-elac\/\" \/>\n<meta property=\"og:site_name\" content=\"SaigonStereo\" \/>\n<meta property=\"article:modified_time\" content=\"2020-03-27T07:11:32+00:00\" \/>\n<meta property=\"og:image\" content=\"https:\/\/www.saigonstereo.com\/home\/wp-content\/uploads\/2015\/08\/voiceofelac-1.jpg\" \/>\n\t<meta property=\"og:image:width\" content=\"1500\" \/>\n\t<meta property=\"og:image:height\" content=\"1500\" \/>\n\t<meta property=\"og:image:type\" content=\"image\/jpeg\" \/>\n<meta name=\"twitter:card\" content=\"summary_large_image\" \/>\n<script type=\"application\/ld+json\" class=\"yoast-schema-graph\">{\"@context\":\"https:\/\/schema.org\",\"@graph\":[{\"@type\":\"WebPage\",\"@id\":\"https:\/\/www.saigonstereo.com\/home\/san-pham\/dia-cd-elac-the-voice-of-elac\/\",\"url\":\"https:\/\/www.saigonstereo.com\/home\/san-pham\/dia-cd-elac-the-voice-of-elac\/\",\"name\":\"\u0110\u0129a CD Elac: The voice of ELAC\",\"isPartOf\":{\"@id\":\"https:\/\/www.saigonstereo.com\/home\/#website\"},\"datePublished\":\"2015-08-20T03:35:20+00:00\",\"dateModified\":\"2020-03-27T07:11:32+00:00\",\"description\":\"Kh\u00e1c v\u1edbi CD \u0111\u1ea7u ti\u00ean, CD \\\"The voice of ELAC\\\" \u0111\u01b0\u1ee3c ch\u0103m ch\u00fat h\u01a1n khi ph\u1ed1i h\u1ee3p c\u00f9ng v\u1edbi h\u00e3ng d\u00e2y d\u1eabn & thu \u00e2m n\u1ed5i ti\u1ebfng c\u0169ng \u0111\u1ebfn t\u1eeb \u0110\u1ee9c: In-Akustik th\u1ef1c hi\u1ec7n.\",\"breadcrumb\":{\"@id\":\"https:\/\/www.saigonstereo.com\/home\/san-pham\/dia-cd-elac-the-voice-of-elac\/#breadcrumb\"},\"inLanguage\":\"vi\",\"potentialAction\":[{\"@type\":\"ReadAction\",\"target\":[\"https:\/\/www.saigonstereo.com\/home\/san-pham\/dia-cd-elac-the-voice-of-elac\/\"]}]},{\"@type\":\"BreadcrumbList\",\"@id\":\"https:\/\/www.saigonstereo.com\/home\/san-pham\/dia-cd-elac-the-voice-of-elac\/#breadcrumb\",\"itemListElement\":[{\"@type\":\"ListItem\",\"position\":1,\"name\":\"Home\",\"item\":\"https:\/\/www.saigonstereo.com\/home\/\"},{\"@type\":\"ListItem\",\"position\":2,\"name\":\"Products\",\"item\":\"https:\/\/www.saigonstereo.com\/home\/shop\/\"},{\"@type\":\"ListItem\",\"position\":3,\"name\":\"\u0110\u0129a CD Elac: The Voice of ELAC\"}]},{\"@type\":\"WebSite\",\"@id\":\"https:\/\/www.saigonstereo.com\/home\/#website\",\"url\":\"https:\/\/www.saigonstereo.com\/home\/\",\"name\":\"SaigonStereo\",\"description\":\"Nh\u00e0 ph\u00e2n ph\u1ed1i thi\u1ebft b\u1ecb \u00e2m thanh cao c\u1ea5p\",\"potentialAction\":[{\"@type\":\"SearchAction\",\"target\":{\"@type\":\"EntryPoint\",\"urlTemplate\":\"https:\/\/www.saigonstereo.com\/home\/?s={search_term_string}\"},\"query-input\":\"required name=search_term_string\"}],\"inLanguage\":\"vi\"}]}<\/script>\n<!-- \/ Yoast SEO plugin. -->","yoast_head_json":{"title":"\u0110\u0129a CD Elac: The voice of ELAC","description":"Kh\u00e1c v\u1edbi CD \u0111\u1ea7u ti\u00ean, CD \"The voice of ELAC\" \u0111\u01b0\u1ee3c ch\u0103m ch\u00fat h\u01a1n khi ph\u1ed1i h\u1ee3p c\u00f9ng v\u1edbi h\u00e3ng d\u00e2y d\u1eabn & thu \u00e2m n\u1ed5i ti\u1ebfng c\u0169ng \u0111\u1ebfn t\u1eeb \u0110\u1ee9c: In-Akustik th\u1ef1c hi\u1ec7n.","robots":{"index":"index","follow":"follow","max-snippet":"max-snippet:-1","max-image-preview":"max-image-preview:large","max-video-preview":"max-video-preview:-1"},"canonical":"https:\/\/www.saigonstereo.com\/home\/san-pham\/dia-cd-elac-the-voice-of-elac\/","og_locale":"vi_VN","og_type":"article","og_title":"\u0110\u0129a CD Elac: The voice of ELAC","og_description":"Kh\u00e1c v\u1edbi CD \u0111\u1ea7u ti\u00ean, CD \"The voice of ELAC\" \u0111\u01b0\u1ee3c ch\u0103m ch\u00fat h\u01a1n khi ph\u1ed1i h\u1ee3p c\u00f9ng v\u1edbi h\u00e3ng d\u00e2y d\u1eabn & thu \u00e2m n\u1ed5i ti\u1ebfng c\u0169ng \u0111\u1ebfn t\u1eeb \u0110\u1ee9c: In-Akustik th\u1ef1c hi\u1ec7n.","og_url":"https:\/\/www.saigonstereo.com\/home\/san-pham\/dia-cd-elac-the-voice-of-elac\/","og_site_name":"SaigonStereo","article_modified_time":"2020-03-27T07:11:32+00:00","og_image":[{"width":1500,"height":1500,"url":"https:\/\/www.saigonstereo.com\/home\/wp-content\/uploads\/2015\/08\/voiceofelac-1.jpg","type":"image\/jpeg"}],"twitter_card":"summary_large_image","schema":{"@context":"https:\/\/schema.org","@graph":[{"@type":"WebPage","@id":"https:\/\/www.saigonstereo.com\/home\/san-pham\/dia-cd-elac-the-voice-of-elac\/","url":"https:\/\/www.saigonstereo.com\/home\/san-pham\/dia-cd-elac-the-voice-of-elac\/","name":"\u0110\u0129a CD Elac: The voice of ELAC","isPartOf":{"@id":"https:\/\/www.saigonstereo.com\/home\/#website"},"datePublished":"2015-08-20T03:35:20+00:00","dateModified":"2020-03-27T07:11:32+00:00","description":"Kh\u00e1c v\u1edbi CD \u0111\u1ea7u ti\u00ean, CD \"The voice of ELAC\" \u0111\u01b0\u1ee3c ch\u0103m ch\u00fat h\u01a1n khi ph\u1ed1i h\u1ee3p c\u00f9ng v\u1edbi h\u00e3ng d\u00e2y d\u1eabn & thu \u00e2m n\u1ed5i ti\u1ebfng c\u0169ng \u0111\u1ebfn t\u1eeb \u0110\u1ee9c: In-Akustik th\u1ef1c hi\u1ec7n.","breadcrumb":{"@id":"https:\/\/www.saigonstereo.com\/home\/san-pham\/dia-cd-elac-the-voice-of-elac\/#breadcrumb"},"inLanguage":"vi","potentialAction":[{"@type":"ReadAction","target":["https:\/\/www.saigonstereo.com\/home\/san-pham\/dia-cd-elac-the-voice-of-elac\/"]}]},{"@type":"BreadcrumbList","@id":"https:\/\/www.saigonstereo.com\/home\/san-pham\/dia-cd-elac-the-voice-of-elac\/#breadcrumb","itemListElement":[{"@type":"ListItem","position":1,"name":"Home","item":"https:\/\/www.saigonstereo.com\/home\/"},{"@type":"ListItem","position":2,"name":"Products","item":"https:\/\/www.saigonstereo.com\/home\/shop\/"},{"@type":"ListItem","position":3,"name":"\u0110\u0129a CD Elac: The Voice of ELAC"}]},{"@type":"WebSite","@id":"https:\/\/www.saigonstereo.com\/home\/#website","url":"https:\/\/www.saigonstereo.com\/home\/","name":"SaigonStereo","description":"Nh\u00e0 ph\u00e2n ph\u1ed1i thi\u1ebft b\u1ecb \u00e2m thanh cao c\u1ea5p","potentialAction":[{"@type":"SearchAction","target":{"@type":"EntryPoint","urlTemplate":"https:\/\/www.saigonstereo.com\/home\/?s={search_term_string}"},"query-input":"required name=search_term_string"}],"inLanguage":"vi"}]}},"jetpack_sharing_enabled":true,"_links":{"self":[{"href":"https:\/\/www.saigonstereo.com\/home\/wp-json\/wp\/v2\/product\/37041","targetHints":{"allow":["GET"]}}],"collection":[{"href":"https:\/\/www.saigonstereo.com\/home\/wp-json\/wp\/v2\/product"}],"about":[{"href":"https:\/\/www.saigonstereo.com\/home\/wp-json\/wp\/v2\/types\/product"}],"replies":[{"embeddable":true,"href":"https:\/\/www.saigonstereo.com\/home\/wp-json\/wp\/v2\/comments?post=37041"}],"wp:featuredmedia":[{"embeddable":true,"href":"https:\/\/www.saigonstereo.com\/home\/wp-json\/wp\/v2\/media\/37042"}],"wp:attachment":[{"href":"https:\/\/www.saigonstereo.com\/home\/wp-json\/wp\/v2\/media?parent=37041"}],"wp:term":[{"taxonomy":"product_cat","embeddable":true,"href":"https:\/\/www.saigonstereo.com\/home\/wp-json\/wp\/v2\/product_cat?post=37041"},{"taxonomy":"product_tag","embeddable":true,"href":"https:\/\/www.saigonstereo.com\/home\/wp-json\/wp\/v2\/product_tag?post=37041"}],"curies":[{"name":"wp","href":"https:\/\/api.w.org\/{rel}","templated":true}]}}