{"id":39163,"date":"2016-05-04T11:36:33","date_gmt":"2016-05-04T04:36:33","guid":{"rendered":"http:\/\/www.saigonstereo.com\/home\/san-pham\/loa-bluetooth-helsinki-willow-green\/"},"modified":"2019-08-23T12:09:18","modified_gmt":"2019-08-23T05:09:18","slug":"loa-bluetooth-vifa-helsinki-nhieu-mau","status":"publish","type":"product","link":"https:\/\/www.saigonstereo.com\/home\/san-pham\/loa-bluetooth-vifa-helsinki-nhieu-mau\/","title":{"rendered":"Loa bluetooth Vifa HELSINKI (nhi\u1ec1u m\u00e0u)"},"content":{"rendered":"<p>T\u00e1i t\u1ea1o l\u1ea1i \u00e2m thanh nguy\u00ean th\u1ee7y, kh\u00f4ng th\u00eam g\u00ec v\u00e0 c\u0169ng kh\u00f4ng b\u1ecf chi ti\u1ebft n\u00e0o ch\u00ednh l\u00e0 nh\u1eefng g\u00ec Vifa \u0111\u00e3 v\u00e0 lu\u00f4n lu\u00f4n mang \u0111\u1ebfn. Ch\u00fang t\u00f4i t\u1ef1 h\u00e0o gi\u1edbi thi\u1ec7u ngh\u1ec7 thu\u1eadt k\u1ebft h\u1ee3p ho\u00e0n h\u1ea3o nh\u1eefng linh ki\u1ec7n, c\u1ee7 loa truy\u1ec1n th\u1ed1ng v\u00e0 c\u00f4ng ngh\u1ec7 hi\u1ec7n \u0111\u1ea1i tr\u00ean nh\u1eefng chi\u1ebfc loa Vifa Helsinki b\u1edfi ch\u1ec9 c\u00f3 t\u00e0i n\u0103ng v\u00e0 kinh nghi\u1ec7m c\u1ee7a con ng\u01b0\u1eddi, t\u00ecnh y\u00eau \u00e2m nh\u1ea1c v\u00e0 kh\u00e1t khao t\u00ecm ki\u1ebfm ch\u1ea5t l\u01b0\u1ee3ng m\u1edbi c\u00f3 th\u1ec3 t\u1ea1o ra \u00e2m thanh trung th\u1ef1c nh\u1ea5t.<\/p>\n<p><a class=\"dt-pswp-item\" href=\"https:\/\/www.saigonstereo.com\/home\/wp-content\/uploads\/2016\/09\/vifa-helsinki-colours.jpg\" data-dt-img-description=\"\" data-large_image_width=\"1000\" data-large_image_height=\"560\"><img loading=\"lazy\" decoding=\"async\" class=\"aligncenter size-full wp-image-39322\" src=\"https:\/\/www.saigonstereo.com\/home\/wp-content\/uploads\/2016\/09\/vifa-helsinki-colours.jpg\" alt=\"\" width=\"1000\" height=\"560\" \/><\/a><\/p>\n<h3 style=\"text-align: left;\">Thi\u1ebft k\u1ebf B\u1eafc \u00c2u tinh t\u1ebf<\/h3>\n<p>Mang \u0111\u1eadm phong c\u00e1ch B\u1eafc \u00c2u \u0111\u1eb7c tr\u01b0ng th\u1ec3 hi\u1ec7n qua v\u1ebb ngo\u00e0i th\u00e2n thi\u1ec7n, \u0111\u01a1n gi\u1ea3n nh\u01b0ng v\u1eabn l\u1ecbch l\u00e3m.\u00a0K\u1ebft h\u1ee3p kh\u00e9o l\u00e9o tuy\u1ec7t v\u1eddi gi\u1eefa ch\u1ea5t li\u1ec7u v\u1ea3i s\u1ee3i th\u00f4 m\u1ed9c v\u00e0 b\u1ed9 khung b\u1eb1ng nh\u00f4m s\u00e1ng b\u00f3ng. Logo Vifa \u0111\u01b0\u1ee3c ch\u1ea1m kh\u1eafc tinh x\u1ea3o v\u00e0 c\u00e1c n\u00fat \u0111i\u1ec1u khi\u1ec3n c\u1ea3m \u1ee9ng ch\u00ecm b\u00ean d\u01b0\u1edbi nh\u1eefng \u0111\u01b0\u1eddng th\u00eau t\u1ec9 m\u1ec9.<\/p>\n<h3 style=\"text-align: left;\">Ch\u1ea5t li\u1ec7u ch\u1ecdn l\u1ecdc cao c\u1ea5p<\/h3>\n<p>Ch\u1ea5t li\u1ec7u v\u1ea3i b\u1ecdc b\u00ean ngo\u00e0i tr\u00ean c\u00e1c s\u1ea3n ph\u1ea9m Vifa \u0111\u01b0\u1ee3c thi\u1ebft k\u1ebf v\u00e0 s\u1ea3n xu\u1ea5t b\u1edfi Kvadrat &#8211; Nh\u00e0 s\u1ea3n xu\u1ea5t uy t\u00edn h\u00e0ng \u0111\u1ea7u Ch\u00e2u \u00c2u trong l\u0129nh v\u1ef1c v\u1ea3i s\u1ee3i. L\u1edbp v\u1ea3i \u0111\u1eb7c bi\u1ec7t n\u00e0y\u00a0\u0111\u01b0\u1ee3c thi\u1ebft k\u1ebf \u0111\u1ec3 \u00e2m thanh c\u00f3 th\u1ec3 xuy\u00ean qua m\u1ed9t c\u00e1ch t\u1ed1t nh\u1ea5t v\u1edbi nh\u1eefng \u0111\u01b0\u1eddng n\u00e9t th\u00f4 r\u00e1p t\u1ed1i gi\u1ea3n nh\u01b0ng v\u1eabn \u1ea5m \u00e1p v\u00e0 thu h\u00fat m\u1ed9t c\u00e1ch l\u1ea1 th\u01b0\u1eddng.<\/p>\n<p><span class=\"embed-youtube\" style=\"text-align:center; display: block;\"><iframe loading=\"lazy\" class=\"youtube-player\" width=\"1200\" height=\"675\" src=\"https:\/\/www.youtube.com\/embed\/HdyJDzeUJAg?version=3&#038;rel=1&#038;showsearch=0&#038;showinfo=1&#038;iv_load_policy=1&#038;fs=1&#038;hl=vi&#038;autohide=2&#038;wmode=transparent\" allowfullscreen=\"true\" style=\"border:0;\" sandbox=\"allow-scripts allow-same-origin allow-popups allow-presentation\"><\/iframe><\/span><\/p>\n<h3 style=\"text-align: left;\">\u00c2m thanh trung th\u1ef1c<\/h3>\n<p>T\u00e1i t\u1ea1o l\u1ea1i \u00e2m thanh nguy\u00ean th\u1ee7y, kh\u00f4ng th\u00eam g\u00ec v\u00e0 c\u0169ng kh\u00f4ng b\u1ecf chi ti\u1ebft n\u00e0o ch\u00ednh l\u00e0 nh\u1eefng g\u00ec Vifa\u00a0\u0111\u00e3 v\u00e0 lu\u00f4n lu\u00f4n mang \u0111\u1ebfn. Tr\u00ean Helsinki, ch\u00fang t\u00f4i t\u1ef1 h\u00e0o gi\u1edbi thi\u1ec7u ngh\u1ec7 thu\u1eadt k\u1ebft h\u1ee3p ho\u00e0n h\u1ea3o nh\u1eefng linh ki\u1ec7n,\u00a0c\u1ee7 loa truy\u1ec1n th\u1ed1ng v\u00e0 c\u00f4ng ngh\u1ec7 hi\u1ec7n \u0111\u1ea1i tr\u00ean nh\u1eefng chi\u1ebfc loa Vifa b\u1edfi\u00a0ch\u1ec9 c\u00f3 t\u00e0i n\u0103ng v\u00e0 kinh nghi\u1ec7m c\u1ee7a con ng\u01b0\u1eddi, t\u00ecnh y\u00eau \u00e2m nh\u1ea1c v\u00e0 kh\u00e1t khao t\u00ecm ki\u1ebfm ch\u1ea5t l\u01b0\u1ee3ng m\u1edbi\u00a0c\u00f3 th\u1ec3 t\u1ea1o ra \u00e2m thanh trung th\u1ef1c nh\u1ea5t.<\/p>\n<h3>T\u00ednh n\u0103ng n\u1ed5i b\u1eadt:<\/h3>\n<ul>\n<li>Bluetooth 4.0 aptX<\/li>\n<li>K\u1ebft n\u1ed1i t\u1ea7m g\u1ea7n NFC<\/li>\n<li>B\u1ed9 x\u1eed l\u00fd t\u00edn hi\u1ec7u \u0111\u1ed9 ph\u00e2n gi\u1ea3i cao HD DSP<\/li>\n<li>4 x Ampli k\u1ef9 thu\u1eadt s\u1ed1 ri\u00eang bi\u1ec7t ch\u1ea5t l\u01b0\u1ee3ng cao, \u0111i\u1ec1u khi\u1ec3n tr\u1ef1c ti\u1ebfp t\u1eebng c\u1ee7 loa<\/li>\n<li>C\u1ee7 loa bass \u0111\u1ed1i x\u1ee9ng c\u00e2n b\u1eb1ng<\/li>\n<li>Ng\u00f5 v\u00e0o Aux-in 3.5mm<\/li>\n<li>Pin s\u1ea1c Ion Lithium t\u00edch h\u1ee3p<\/li>\n<li>Th\u1eddi l\u01b0\u1ee3ng pin 8h (m\u1ee9c \u00e2m l\u01b0\u1ee3ng b\u00ecnh th\u01b0\u1eddng)<\/li>\n<\/ul>\n<p><img loading=\"lazy\" decoding=\"async\" class=\"aligncenter size-medium wp-image-39175\" src=\"http:\/\/www.saigonstereo.com\/home\/wp-content\/uploads\/2016\/05\/helsinki-drawing-640x360.png\" alt=\"helsinki-drawing\" width=\"640\" height=\"360\" \/><\/p>\n<h3>Th\u00f4ng s\u1ed1 k\u1ef9 thu\u1eadt Vifa Helsinki:<\/h3>\n<ul>\n<li>D\u1ea3i t\u1ea7n \u0111\u00e1p \u1ee9ng: 58Hz &#8211; 18khz @ +\/- 3 dB<\/li>\n<li>\u0110i\u1ec7n ngu\u1ed3n: T\u1ef1 \u0111\u1ed9ng 100V &#8211; 240V 50\/60Hz<\/li>\n<li>C\u00f4ng su\u1ea5t c\u1ef1c \u0111\u1ea1i: 22 Watts<\/li>\n<li>C\u00f4ng su\u1ea5t ti\u00eau th\u1ee5 ch\u1ebf \u0111\u1ed9 ch\u1edd: &lt; 0.5 Watts<\/li>\n<li>K\u00edch th\u01b0\u1edbc (Cao x R\u1ed9ng x S\u00e2u): 156 x 210 x 70 mm<\/li>\n<li>Tr\u1ecdng l\u01b0\u1ee3ng: 1.4 Kg<\/li>\n<li>B\u1ed9 khung: Nh\u00f4m nguy\u00ean kh\u1ed1i<\/li>\n<li>Th\u00e2n loa: Nh\u1ef1a ABS c\u01b0\u1eddng l\u1ef1c<\/li>\n<li>M\u1eb7t ngo\u00e0i: V\u1ea3i s\u1ee3i Kvadrat d\u1ec7t tay<\/li>\n<\/ul>\n<h3>C\u1ea5u t\u1ea1o b\u00ean trong Vifa Helsinki:<\/h3>\n<p><a class=\"dt-single-image\" href=\"http:\/\/www.saigonstereo.com\/home\/wp-content\/uploads\/2016\/05\/Helsinki-Inside.jpg\" data-dt-img-description=\"\"><img loading=\"lazy\" decoding=\"async\" class=\"aligncenter size-medium wp-image-39305\" src=\"http:\/\/www.saigonstereo.com\/home\/wp-content\/uploads\/2016\/05\/Helsinki-Inside-640x494.jpg\" alt=\"Helsinki-Inside\" width=\"640\" height=\"494\" \/><\/a><\/p>\n<h3>H\u01b0\u1edbng d\u1eabn s\u1eed d\u1ee5ng:<\/h3>\n<ul>\n<li><a title=\"[Manual] H\u01b0\u1edbng d\u1eabn s\u1eed d\u1ee5ng loa bluetooth Vifa Helsinki\" href=\"https:\/\/www.saigonstereo.com\/home\/manual-huong-dan-su-dung-loa-bluetooth-vifa-helsinki\/\" rel=\"bookmark\">[Manual] H\u01b0\u1edbng d\u1eabn s\u1eed d\u1ee5ng loa bluetooth Vifa Helsinki<\/a><\/li>\n<li>\n<p class=\"entry-title\"><a title=\"[Manual] H\u01b0\u1edbng d\u1eabn s\u1eed d\u1ee5ng \u1ee9ng d\u1ee5ng Vifa tr\u00ean thi\u1ebft b\u1ecb di \u0111\u1ed9ng\" href=\"https:\/\/www.saigonstereo.com\/home\/huong-dan-su-dung-ung-dung-vifa-tren-thiet-bi-di-dong\/\" rel=\"bookmark\">[Manual] H\u01b0\u1edbng d\u1eabn s\u1eed d\u1ee5ng \u1ee9ng d\u1ee5ng Vifa tr\u00ean thi\u1ebft b\u1ecb di \u0111\u1ed9ng<\/a><\/p>\n<\/li>\n<\/ul>\n<h3>B\u00e0i Review &amp; \u0111\u00e1nh gi\u00e1:<\/h3>\n<ul>\n<li class=\"entry-title\"><a title=\"[Review] Tr\u1ea3i nghi\u1ec7m loa di \u0111\u1ed9ng Vifa Helsinki: \u00e2m nh\u1ea1c, b\u1ed1 v\u00e0 t\u00f4i\" href=\"https:\/\/www.saigonstereo.com\/home\/review-trai-nghiem-loa-di-dong-vifa-helsinki-am-nhac-bo-va-toi\/\" rel=\"bookmark\">[Review] Tr\u1ea3i nghi\u1ec7m loa di \u0111\u1ed9ng Vifa Helsinki: \u00e2m nh\u1ea1c, b\u1ed1 v\u00e0 t\u00f4i<\/a> (Nghe Nh\u00ecn Vi\u1ec7t Nam)<\/li>\n<li><a title=\"[Review] Tr\u00ean tay Vifa Helsinki: loa di \u0111\u1ed9ng ki\u00eam lu\u00f4n ph\u1ee5 ki\u1ec7n th\u1eddi trang\" href=\"https:\/\/www.saigonstereo.com\/home\/tren-tay-vifa-helsinki-loa-di-dong-kiem-luon-phu-kien-thoi-trang\/\" rel=\"bookmark\">[Review] Tr\u00ean tay Vifa Helsinki: loa di \u0111\u1ed9ng ki\u00eam lu\u00f4n ph\u1ee5 ki\u1ec7n th\u1eddi trang<\/a> (\u0110i\u1ec7n T\u1eed Ti\u00eau D\u00f9ng)<\/li>\n<li><a title=\"Tr\u00ean tay Vifa Helsinki &amp; Oslo: \u0111\u1eb9p, d\u1ec5 th\u01b0\u01a1ng, cao c\u1ea5p, \u00e2m t\u1ef1 nhi\u00ean\" href=\"https:\/\/www.saigonstereo.com\/home\/tren-tay-vifa-helsinki-oslo-dep-de-thuong-cao-cap-tu-nhien\/\" rel=\"bookmark\">[Review] Tr\u00ean tay Vifa Helsinki &amp; Oslo: \u0111\u1eb9p, d\u1ec5 th\u01b0\u01a1ng, cao c\u1ea5p, \u00e2m t\u1ef1 nhi\u00ean<\/a> (Tinh T\u1ebf)<\/li>\n<\/ul>\n","protected":false},"excerpt":{"rendered":"<p>Helsinki l\u00e0 m\u1eabu loa nh\u1ecf nh\u1ea5t trong b\u1ed9 s\u01b0u t\u1eadp nh\u1eefng thi\u1ebft k\u1ebf loa di \u0111\u1ed9ng c\u1ee7a Vifa. V\u1edbi ki\u1ec3u d\u00e1ng nh\u1eb9 nh\u00e0ng, n\u1eef t\u00ednh, Helsinki th\u00edch h\u1ee3p tr\u1edf th\u00e0nh b\u1ea1n \u0111\u1ed3ng h\u00e0nh c\u1ee7a c\u00e1c b\u1ea1n n\u1eef y\u00eau nh\u1ea1c.<\/p>\n","protected":false},"featured_media":39164,"comment_status":"open","ping_status":"closed","template":"","meta":{"jetpack_post_was_ever_published":false,"jetpack_publicize_message":"","jetpack_is_tweetstorm":false,"jetpack_publicize_feature_enabled":true,"jetpack_social_post_already_shared":true,"jetpack_social_options":[]},"product_cat":[934],"product_tag":[937,936],"class_list":["post-39163","product","type-product","status-publish","has-post-thumbnail","hentry","product_cat-vifa","product_tag-loa-bluetooth","product_tag-vifa","pa_mau-sac-helsinki-dusty-rose","pa_mau-sac-helsinki-misty-blue","pa_mau-sac-helsinki-sandstone-grey","pa_mau-sac-helsinki-willow-green","description-off"],"jetpack_publicize_connections":[],"yoast_head":"<!-- This site is optimized with the Yoast SEO plugin v20.4 - https:\/\/yoast.com\/wordpress\/plugins\/seo\/ -->\n<title>Loa bluetooth Vifa HELSINKI (nhi\u1ec1u m\u00e0u) - SaigonStereo<\/title>\n<meta name=\"description\" content=\"Helsinki l\u00e0 m\u1eabu loa nh\u1ecf nh\u1ea5t trong b\u1ed9 s\u01b0u t\u1eadp nh\u1eefng thi\u1ebft k\u1ebf loa di \u0111\u1ed9ng c\u1ee7a Vifa. V\u1edbi ki\u1ec3u d\u00e1ng nh\u1eb9 nh\u00e0ng, n\u1eef t\u00ednh, Helsinki th\u00edch h\u1ee3p tr\u1edf th\u00e0nh b\u1ea1n \u0111\u1ed3ng h\u00e0nh c\u1ee7a c\u00e1c b\u1ea1n n\u1eef y\u00eau nh\u1ea1c.\" \/>\n<meta name=\"robots\" content=\"index, follow, max-snippet:-1, max-image-preview:large, max-video-preview:-1\" \/>\n<link rel=\"canonical\" href=\"https:\/\/www.saigonstereo.com\/home\/san-pham\/loa-bluetooth-vifa-helsinki-nhieu-mau\/\" \/>\n<meta property=\"og:locale\" content=\"vi_VN\" \/>\n<meta property=\"og:type\" content=\"article\" \/>\n<meta property=\"og:title\" content=\"Loa bluetooth Vifa HELSINKI (nhi\u1ec1u m\u00e0u) - SaigonStereo\" \/>\n<meta property=\"og:description\" content=\"Helsinki l\u00e0 m\u1eabu loa nh\u1ecf nh\u1ea5t trong b\u1ed9 s\u01b0u t\u1eadp nh\u1eefng thi\u1ebft k\u1ebf loa di \u0111\u1ed9ng c\u1ee7a Vifa. V\u1edbi ki\u1ec3u d\u00e1ng nh\u1eb9 nh\u00e0ng, n\u1eef t\u00ednh, Helsinki th\u00edch h\u1ee3p tr\u1edf th\u00e0nh b\u1ea1n \u0111\u1ed3ng h\u00e0nh c\u1ee7a c\u00e1c b\u1ea1n n\u1eef y\u00eau nh\u1ea1c.\" \/>\n<meta property=\"og:url\" content=\"https:\/\/www.saigonstereo.com\/home\/san-pham\/loa-bluetooth-vifa-helsinki-nhieu-mau\/\" \/>\n<meta property=\"og:site_name\" content=\"SaigonStereo\" \/>\n<meta property=\"article:modified_time\" content=\"2019-08-23T05:09:18+00:00\" \/>\n<meta property=\"og:image\" content=\"https:\/\/www.saigonstereo.com\/home\/wp-content\/uploads\/2016\/07\/helsinki-willow-green-2.jpeg\" \/>\n\t<meta property=\"og:image:width\" content=\"1024\" \/>\n\t<meta property=\"og:image:height\" content=\"1024\" \/>\n\t<meta property=\"og:image:type\" content=\"image\/jpeg\" \/>\n<meta name=\"twitter:card\" content=\"summary_large_image\" \/>\n<meta name=\"twitter:label1\" content=\"\u01af\u1edbc t\u00ednh th\u1eddi gian \u0111\u1ecdc\" \/>\n\t<meta name=\"twitter:data1\" content=\"4 ph\u00fat\" \/>\n<script type=\"application\/ld+json\" class=\"yoast-schema-graph\">{\"@context\":\"https:\/\/schema.org\",\"@graph\":[{\"@type\":\"WebPage\",\"@id\":\"https:\/\/www.saigonstereo.com\/home\/san-pham\/loa-bluetooth-vifa-helsinki-nhieu-mau\/\",\"url\":\"https:\/\/www.saigonstereo.com\/home\/san-pham\/loa-bluetooth-vifa-helsinki-nhieu-mau\/\",\"name\":\"Loa bluetooth Vifa HELSINKI (nhi\u1ec1u m\u00e0u) - SaigonStereo\",\"isPartOf\":{\"@id\":\"https:\/\/www.saigonstereo.com\/home\/#website\"},\"datePublished\":\"2016-05-04T04:36:33+00:00\",\"dateModified\":\"2019-08-23T05:09:18+00:00\",\"description\":\"Helsinki l\u00e0 m\u1eabu loa nh\u1ecf nh\u1ea5t trong b\u1ed9 s\u01b0u t\u1eadp nh\u1eefng thi\u1ebft k\u1ebf loa di \u0111\u1ed9ng c\u1ee7a Vifa. V\u1edbi ki\u1ec3u d\u00e1ng nh\u1eb9 nh\u00e0ng, n\u1eef t\u00ednh, Helsinki th\u00edch h\u1ee3p tr\u1edf th\u00e0nh b\u1ea1n \u0111\u1ed3ng h\u00e0nh c\u1ee7a c\u00e1c b\u1ea1n n\u1eef y\u00eau nh\u1ea1c.\",\"breadcrumb\":{\"@id\":\"https:\/\/www.saigonstereo.com\/home\/san-pham\/loa-bluetooth-vifa-helsinki-nhieu-mau\/#breadcrumb\"},\"inLanguage\":\"vi\",\"potentialAction\":[{\"@type\":\"ReadAction\",\"target\":[\"https:\/\/www.saigonstereo.com\/home\/san-pham\/loa-bluetooth-vifa-helsinki-nhieu-mau\/\"]}]},{\"@type\":\"BreadcrumbList\",\"@id\":\"https:\/\/www.saigonstereo.com\/home\/san-pham\/loa-bluetooth-vifa-helsinki-nhieu-mau\/#breadcrumb\",\"itemListElement\":[{\"@type\":\"ListItem\",\"position\":1,\"name\":\"Home\",\"item\":\"https:\/\/www.saigonstereo.com\/home\/\"},{\"@type\":\"ListItem\",\"position\":2,\"name\":\"Products\",\"item\":\"https:\/\/www.saigonstereo.com\/home\/shop\/\"},{\"@type\":\"ListItem\",\"position\":3,\"name\":\"Loa bluetooth Vifa HELSINKI (nhi\u1ec1u m\u00e0u)\"}]},{\"@type\":\"WebSite\",\"@id\":\"https:\/\/www.saigonstereo.com\/home\/#website\",\"url\":\"https:\/\/www.saigonstereo.com\/home\/\",\"name\":\"SaigonStereo\",\"description\":\"Nh\u00e0 ph\u00e2n ph\u1ed1i thi\u1ebft b\u1ecb \u00e2m thanh cao c\u1ea5p\",\"potentialAction\":[{\"@type\":\"SearchAction\",\"target\":{\"@type\":\"EntryPoint\",\"urlTemplate\":\"https:\/\/www.saigonstereo.com\/home\/?s={search_term_string}\"},\"query-input\":\"required name=search_term_string\"}],\"inLanguage\":\"vi\"}]}<\/script>\n<!-- \/ Yoast SEO plugin. -->","yoast_head_json":{"title":"Loa bluetooth Vifa HELSINKI (nhi\u1ec1u m\u00e0u) - SaigonStereo","description":"Helsinki l\u00e0 m\u1eabu loa nh\u1ecf nh\u1ea5t trong b\u1ed9 s\u01b0u t\u1eadp nh\u1eefng thi\u1ebft k\u1ebf loa di \u0111\u1ed9ng c\u1ee7a Vifa. V\u1edbi ki\u1ec3u d\u00e1ng nh\u1eb9 nh\u00e0ng, n\u1eef t\u00ednh, Helsinki th\u00edch h\u1ee3p tr\u1edf th\u00e0nh b\u1ea1n \u0111\u1ed3ng h\u00e0nh c\u1ee7a c\u00e1c b\u1ea1n n\u1eef y\u00eau nh\u1ea1c.","robots":{"index":"index","follow":"follow","max-snippet":"max-snippet:-1","max-image-preview":"max-image-preview:large","max-video-preview":"max-video-preview:-1"},"canonical":"https:\/\/www.saigonstereo.com\/home\/san-pham\/loa-bluetooth-vifa-helsinki-nhieu-mau\/","og_locale":"vi_VN","og_type":"article","og_title":"Loa bluetooth Vifa HELSINKI (nhi\u1ec1u m\u00e0u) - SaigonStereo","og_description":"Helsinki l\u00e0 m\u1eabu loa nh\u1ecf nh\u1ea5t trong b\u1ed9 s\u01b0u t\u1eadp nh\u1eefng thi\u1ebft k\u1ebf loa di \u0111\u1ed9ng c\u1ee7a Vifa. V\u1edbi ki\u1ec3u d\u00e1ng nh\u1eb9 nh\u00e0ng, n\u1eef t\u00ednh, Helsinki th\u00edch h\u1ee3p tr\u1edf th\u00e0nh b\u1ea1n \u0111\u1ed3ng h\u00e0nh c\u1ee7a c\u00e1c b\u1ea1n n\u1eef y\u00eau nh\u1ea1c.","og_url":"https:\/\/www.saigonstereo.com\/home\/san-pham\/loa-bluetooth-vifa-helsinki-nhieu-mau\/","og_site_name":"SaigonStereo","article_modified_time":"2019-08-23T05:09:18+00:00","og_image":[{"width":1024,"height":1024,"url":"https:\/\/www.saigonstereo.com\/home\/wp-content\/uploads\/2016\/07\/helsinki-willow-green-2.jpeg","type":"image\/jpeg"}],"twitter_card":"summary_large_image","twitter_misc":{"\u01af\u1edbc t\u00ednh th\u1eddi gian \u0111\u1ecdc":"4 ph\u00fat"},"schema":{"@context":"https:\/\/schema.org","@graph":[{"@type":"WebPage","@id":"https:\/\/www.saigonstereo.com\/home\/san-pham\/loa-bluetooth-vifa-helsinki-nhieu-mau\/","url":"https:\/\/www.saigonstereo.com\/home\/san-pham\/loa-bluetooth-vifa-helsinki-nhieu-mau\/","name":"Loa bluetooth Vifa HELSINKI (nhi\u1ec1u m\u00e0u) - SaigonStereo","isPartOf":{"@id":"https:\/\/www.saigonstereo.com\/home\/#website"},"datePublished":"2016-05-04T04:36:33+00:00","dateModified":"2019-08-23T05:09:18+00:00","description":"Helsinki l\u00e0 m\u1eabu loa nh\u1ecf nh\u1ea5t trong b\u1ed9 s\u01b0u t\u1eadp nh\u1eefng thi\u1ebft k\u1ebf loa di \u0111\u1ed9ng c\u1ee7a Vifa. V\u1edbi ki\u1ec3u d\u00e1ng nh\u1eb9 nh\u00e0ng, n\u1eef t\u00ednh, Helsinki th\u00edch h\u1ee3p tr\u1edf th\u00e0nh b\u1ea1n \u0111\u1ed3ng h\u00e0nh c\u1ee7a c\u00e1c b\u1ea1n n\u1eef y\u00eau nh\u1ea1c.","breadcrumb":{"@id":"https:\/\/www.saigonstereo.com\/home\/san-pham\/loa-bluetooth-vifa-helsinki-nhieu-mau\/#breadcrumb"},"inLanguage":"vi","potentialAction":[{"@type":"ReadAction","target":["https:\/\/www.saigonstereo.com\/home\/san-pham\/loa-bluetooth-vifa-helsinki-nhieu-mau\/"]}]},{"@type":"BreadcrumbList","@id":"https:\/\/www.saigonstereo.com\/home\/san-pham\/loa-bluetooth-vifa-helsinki-nhieu-mau\/#breadcrumb","itemListElement":[{"@type":"ListItem","position":1,"name":"Home","item":"https:\/\/www.saigonstereo.com\/home\/"},{"@type":"ListItem","position":2,"name":"Products","item":"https:\/\/www.saigonstereo.com\/home\/shop\/"},{"@type":"ListItem","position":3,"name":"Loa bluetooth Vifa HELSINKI (nhi\u1ec1u m\u00e0u)"}]},{"@type":"WebSite","@id":"https:\/\/www.saigonstereo.com\/home\/#website","url":"https:\/\/www.saigonstereo.com\/home\/","name":"SaigonStereo","description":"Nh\u00e0 ph\u00e2n ph\u1ed1i thi\u1ebft b\u1ecb \u00e2m thanh cao c\u1ea5p","potentialAction":[{"@type":"SearchAction","target":{"@type":"EntryPoint","urlTemplate":"https:\/\/www.saigonstereo.com\/home\/?s={search_term_string}"},"query-input":"required name=search_term_string"}],"inLanguage":"vi"}]}},"jetpack_sharing_enabled":true,"_links":{"self":[{"href":"https:\/\/www.saigonstereo.com\/home\/wp-json\/wp\/v2\/product\/39163","targetHints":{"allow":["GET"]}}],"collection":[{"href":"https:\/\/www.saigonstereo.com\/home\/wp-json\/wp\/v2\/product"}],"about":[{"href":"https:\/\/www.saigonstereo.com\/home\/wp-json\/wp\/v2\/types\/product"}],"replies":[{"embeddable":true,"href":"https:\/\/www.saigonstereo.com\/home\/wp-json\/wp\/v2\/comments?post=39163"}],"wp:featuredmedia":[{"embeddable":true,"href":"https:\/\/www.saigonstereo.com\/home\/wp-json\/wp\/v2\/media\/39164"}],"wp:attachment":[{"href":"https:\/\/www.saigonstereo.com\/home\/wp-json\/wp\/v2\/media?parent=39163"}],"wp:term":[{"taxonomy":"product_cat","embeddable":true,"href":"https:\/\/www.saigonstereo.com\/home\/wp-json\/wp\/v2\/product_cat?post=39163"},{"taxonomy":"product_tag","embeddable":true,"href":"https:\/\/www.saigonstereo.com\/home\/wp-json\/wp\/v2\/product_tag?post=39163"}],"curies":[{"name":"wp","href":"https:\/\/api.w.org\/{rel}","templated":true}]}}