{"id":39684,"date":"2017-02-04T16:21:40","date_gmt":"2017-02-04T09:21:40","guid":{"rendered":"http:\/\/www.saigonstereo.com\/home\/san-pham\/tay-can-hut-chan-khong-okki-nokki-rct-12-aluminum\/"},"modified":"2017-03-16T16:39:21","modified_gmt":"2017-03-16T09:39:21","slug":"tay-can-hut-chan-khong-okki-nokki-rct-12-aluminum","status":"publish","type":"product","link":"https:\/\/www.saigonstereo.com\/home\/san-pham\/tay-can-hut-chan-khong-okki-nokki-rct-12-aluminum\/","title":{"rendered":"Tay c\u1ea7n h\u00fat ch\u00e2n kh\u00f4ng Okki Nokki RCT-12 Aluminum"},"content":{"rendered":"","protected":false},"excerpt":{"rendered":"<p>Tay c\u1ea7n ch\u00e2n kh\u00f4ng 12&#8243; nh\u00f4m\u00a0s\u1eed d\u1ee5ng cho m\u00e1y lau r\u1eeda \u0111\u0129a than Okki Nokki RCM d\u00e0nh cho c\u00e1c \u0111\u0129a than c\u00f3 \u0111\u01b0\u1eddng k\u00ednh 12 inch.<\/p>\n","protected":false},"featured_media":39686,"comment_status":"open","ping_status":"closed","template":"","meta":{"jetpack_post_was_ever_published":false,"jetpack_publicize_message":"","jetpack_is_tweetstorm":false,"jetpack_publicize_feature_enabled":true,"jetpack_social_post_already_shared":true,"jetpack_social_options":[]},"product_cat":[949],"product_tag":[951,950],"class_list":["post-39684","product","type-product","status-publish","has-post-thumbnail","hentry","product_cat-okki-nokki","product_tag-may-lau-chui-dia-than","product_tag-okki-nokki","description-off"],"jetpack_publicize_connections":[],"yoast_head":"<!-- This site is optimized with the Yoast SEO plugin v20.4 - https:\/\/yoast.com\/wordpress\/plugins\/seo\/ -->\n<title>Tay c\u1ea7n h\u00fat ch\u00e2n kh\u00f4ng Okki Nokki RCT-12 Aluminum - SaigonStereo<\/title>\n<meta name=\"robots\" content=\"index, follow, max-snippet:-1, max-image-preview:large, max-video-preview:-1\" \/>\n<link rel=\"canonical\" href=\"https:\/\/www.saigonstereo.com\/home\/san-pham\/tay-can-hut-chan-khong-okki-nokki-rct-12-aluminum\/\" \/>\n<meta property=\"og:locale\" content=\"vi_VN\" \/>\n<meta property=\"og:type\" content=\"article\" \/>\n<meta property=\"og:title\" content=\"Tay c\u1ea7n h\u00fat ch\u00e2n kh\u00f4ng Okki Nokki RCT-12 Aluminum - SaigonStereo\" \/>\n<meta property=\"og:description\" content=\"Tay c\u1ea7n ch\u00e2n kh\u00f4ng 12&quot; nh\u00f4m\u00a0s\u1eed d\u1ee5ng cho m\u00e1y lau r\u1eeda \u0111\u0129a than Okki Nokki RCM d\u00e0nh cho c\u00e1c \u0111\u0129a than c\u00f3 \u0111\u01b0\u1eddng k\u00ednh 12 inch.\" \/>\n<meta property=\"og:url\" content=\"https:\/\/www.saigonstereo.com\/home\/san-pham\/tay-can-hut-chan-khong-okki-nokki-rct-12-aluminum\/\" \/>\n<meta property=\"og:site_name\" content=\"SaigonStereo\" \/>\n<meta property=\"article:modified_time\" content=\"2017-03-16T09:39:21+00:00\" \/>\n<meta property=\"og:image\" content=\"https:\/\/www.saigonstereo.com\/home\/wp-content\/uploads\/2017\/03\/RCT-12-aluminum-web.jpg\" \/>\n\t<meta property=\"og:image:width\" content=\"1000\" \/>\n\t<meta property=\"og:image:height\" content=\"1000\" \/>\n\t<meta property=\"og:image:type\" content=\"image\/jpeg\" \/>\n<meta name=\"twitter:card\" content=\"summary_large_image\" \/>\n<script type=\"application\/ld+json\" class=\"yoast-schema-graph\">{\"@context\":\"https:\/\/schema.org\",\"@graph\":[{\"@type\":\"WebPage\",\"@id\":\"https:\/\/www.saigonstereo.com\/home\/san-pham\/tay-can-hut-chan-khong-okki-nokki-rct-12-aluminum\/\",\"url\":\"https:\/\/www.saigonstereo.com\/home\/san-pham\/tay-can-hut-chan-khong-okki-nokki-rct-12-aluminum\/\",\"name\":\"Tay c\u1ea7n h\u00fat ch\u00e2n kh\u00f4ng Okki Nokki RCT-12 Aluminum - SaigonStereo\",\"isPartOf\":{\"@id\":\"https:\/\/www.saigonstereo.com\/home\/#website\"},\"datePublished\":\"2017-02-04T09:21:40+00:00\",\"dateModified\":\"2017-03-16T09:39:21+00:00\",\"breadcrumb\":{\"@id\":\"https:\/\/www.saigonstereo.com\/home\/san-pham\/tay-can-hut-chan-khong-okki-nokki-rct-12-aluminum\/#breadcrumb\"},\"inLanguage\":\"vi\",\"potentialAction\":[{\"@type\":\"ReadAction\",\"target\":[\"https:\/\/www.saigonstereo.com\/home\/san-pham\/tay-can-hut-chan-khong-okki-nokki-rct-12-aluminum\/\"]}]},{\"@type\":\"BreadcrumbList\",\"@id\":\"https:\/\/www.saigonstereo.com\/home\/san-pham\/tay-can-hut-chan-khong-okki-nokki-rct-12-aluminum\/#breadcrumb\",\"itemListElement\":[{\"@type\":\"ListItem\",\"position\":1,\"name\":\"Home\",\"item\":\"https:\/\/www.saigonstereo.com\/home\/\"},{\"@type\":\"ListItem\",\"position\":2,\"name\":\"Products\",\"item\":\"https:\/\/www.saigonstereo.com\/home\/shop\/\"},{\"@type\":\"ListItem\",\"position\":3,\"name\":\"Tay c\u1ea7n h\u00fat ch\u00e2n kh\u00f4ng Okki Nokki RCT-12 Aluminum\"}]},{\"@type\":\"WebSite\",\"@id\":\"https:\/\/www.saigonstereo.com\/home\/#website\",\"url\":\"https:\/\/www.saigonstereo.com\/home\/\",\"name\":\"SaigonStereo\",\"description\":\"Nh\u00e0 ph\u00e2n ph\u1ed1i thi\u1ebft b\u1ecb \u00e2m thanh cao c\u1ea5p\",\"potentialAction\":[{\"@type\":\"SearchAction\",\"target\":{\"@type\":\"EntryPoint\",\"urlTemplate\":\"https:\/\/www.saigonstereo.com\/home\/?s={search_term_string}\"},\"query-input\":\"required name=search_term_string\"}],\"inLanguage\":\"vi\"}]}<\/script>\n<!-- \/ Yoast SEO plugin. -->","yoast_head_json":{"title":"Tay c\u1ea7n h\u00fat ch\u00e2n kh\u00f4ng Okki Nokki RCT-12 Aluminum - SaigonStereo","robots":{"index":"index","follow":"follow","max-snippet":"max-snippet:-1","max-image-preview":"max-image-preview:large","max-video-preview":"max-video-preview:-1"},"canonical":"https:\/\/www.saigonstereo.com\/home\/san-pham\/tay-can-hut-chan-khong-okki-nokki-rct-12-aluminum\/","og_locale":"vi_VN","og_type":"article","og_title":"Tay c\u1ea7n h\u00fat ch\u00e2n kh\u00f4ng Okki Nokki RCT-12 Aluminum - SaigonStereo","og_description":"Tay c\u1ea7n ch\u00e2n kh\u00f4ng 12\" nh\u00f4m\u00a0s\u1eed d\u1ee5ng cho m\u00e1y lau r\u1eeda \u0111\u0129a than Okki Nokki RCM d\u00e0nh cho c\u00e1c \u0111\u0129a than c\u00f3 \u0111\u01b0\u1eddng k\u00ednh 12 inch.","og_url":"https:\/\/www.saigonstereo.com\/home\/san-pham\/tay-can-hut-chan-khong-okki-nokki-rct-12-aluminum\/","og_site_name":"SaigonStereo","article_modified_time":"2017-03-16T09:39:21+00:00","og_image":[{"width":1000,"height":1000,"url":"https:\/\/www.saigonstereo.com\/home\/wp-content\/uploads\/2017\/03\/RCT-12-aluminum-web.jpg","type":"image\/jpeg"}],"twitter_card":"summary_large_image","schema":{"@context":"https:\/\/schema.org","@graph":[{"@type":"WebPage","@id":"https:\/\/www.saigonstereo.com\/home\/san-pham\/tay-can-hut-chan-khong-okki-nokki-rct-12-aluminum\/","url":"https:\/\/www.saigonstereo.com\/home\/san-pham\/tay-can-hut-chan-khong-okki-nokki-rct-12-aluminum\/","name":"Tay c\u1ea7n h\u00fat ch\u00e2n kh\u00f4ng Okki Nokki RCT-12 Aluminum - SaigonStereo","isPartOf":{"@id":"https:\/\/www.saigonstereo.com\/home\/#website"},"datePublished":"2017-02-04T09:21:40+00:00","dateModified":"2017-03-16T09:39:21+00:00","breadcrumb":{"@id":"https:\/\/www.saigonstereo.com\/home\/san-pham\/tay-can-hut-chan-khong-okki-nokki-rct-12-aluminum\/#breadcrumb"},"inLanguage":"vi","potentialAction":[{"@type":"ReadAction","target":["https:\/\/www.saigonstereo.com\/home\/san-pham\/tay-can-hut-chan-khong-okki-nokki-rct-12-aluminum\/"]}]},{"@type":"BreadcrumbList","@id":"https:\/\/www.saigonstereo.com\/home\/san-pham\/tay-can-hut-chan-khong-okki-nokki-rct-12-aluminum\/#breadcrumb","itemListElement":[{"@type":"ListItem","position":1,"name":"Home","item":"https:\/\/www.saigonstereo.com\/home\/"},{"@type":"ListItem","position":2,"name":"Products","item":"https:\/\/www.saigonstereo.com\/home\/shop\/"},{"@type":"ListItem","position":3,"name":"Tay c\u1ea7n h\u00fat ch\u00e2n kh\u00f4ng Okki Nokki RCT-12 Aluminum"}]},{"@type":"WebSite","@id":"https:\/\/www.saigonstereo.com\/home\/#website","url":"https:\/\/www.saigonstereo.com\/home\/","name":"SaigonStereo","description":"Nh\u00e0 ph\u00e2n ph\u1ed1i thi\u1ebft b\u1ecb \u00e2m thanh cao c\u1ea5p","potentialAction":[{"@type":"SearchAction","target":{"@type":"EntryPoint","urlTemplate":"https:\/\/www.saigonstereo.com\/home\/?s={search_term_string}"},"query-input":"required name=search_term_string"}],"inLanguage":"vi"}]}},"jetpack_sharing_enabled":true,"_links":{"self":[{"href":"https:\/\/www.saigonstereo.com\/home\/wp-json\/wp\/v2\/product\/39684","targetHints":{"allow":["GET"]}}],"collection":[{"href":"https:\/\/www.saigonstereo.com\/home\/wp-json\/wp\/v2\/product"}],"about":[{"href":"https:\/\/www.saigonstereo.com\/home\/wp-json\/wp\/v2\/types\/product"}],"replies":[{"embeddable":true,"href":"https:\/\/www.saigonstereo.com\/home\/wp-json\/wp\/v2\/comments?post=39684"}],"wp:featuredmedia":[{"embeddable":true,"href":"https:\/\/www.saigonstereo.com\/home\/wp-json\/wp\/v2\/media\/39686"}],"wp:attachment":[{"href":"https:\/\/www.saigonstereo.com\/home\/wp-json\/wp\/v2\/media?parent=39684"}],"wp:term":[{"taxonomy":"product_cat","embeddable":true,"href":"https:\/\/www.saigonstereo.com\/home\/wp-json\/wp\/v2\/product_cat?post=39684"},{"taxonomy":"product_tag","embeddable":true,"href":"https:\/\/www.saigonstereo.com\/home\/wp-json\/wp\/v2\/product_tag?post=39684"}],"curies":[{"name":"wp","href":"https:\/\/api.w.org\/{rel}","templated":true}]}}